{"id":1000,"date":"2022-06-18T09:06:45","date_gmt":"2022-06-18T12:06:45","guid":{"rendered":"http:\/\/www.locacaodemaquinas.com.br\/site\/?post_type=product&#038;p=1000"},"modified":"2023-01-19T11:23:27","modified_gmt":"2023-01-19T14:23:27","slug":"pulverizador-sg-20-stihl","status":"publish","type":"product","link":"http:\/\/www.locacaodemaquinas.com.br\/site\/loja\/principais-marcas\/marca-stihl\/pulverizador-sg-20-stihl\/","title":{"rendered":"Pulverizador SG 20 &#8211; STIHL"},"content":{"rendered":"<p>Obs: Sob os termos da marca STIHL, n\u00e3o estamos autorizados a vend\u00ea-los pela internet, mas voc\u00ea pode visitar as nossas lojas f\u00edsicas. O intuito \u00e9 apenas informativo.<\/p>\n","protected":false},"excerpt":{"rendered":"<p>O\u00a0<b>Pulverizador Costal Manual STIHL SG 20\u00a0<\/b>foi desenvolvido com design ergon\u00f4mico que confere ao produto leveza, praticidade e f\u00e1cil opera\u00e7\u00e3o. Ideal para aplica\u00e7\u00e3o de produtos agroqu\u00edmicos em jardins, estufas, viveiros, florestas e hortas, al\u00e9m das necessidades do setor agropecu\u00e1rio. \u00c9 indicado, ainda, para o controle do vetor da dengue e outras pragas atrav\u00e9s da aplica\u00e7\u00e3o de produtos fitossanit\u00e1rios.<\/p>\n<p>Fonte: STIHL<\/p>\n<p>&nbsp;<\/p>\n","protected":false},"featured_media":1005,"comment_status":"open","ping_status":"closed","template":"","meta":[],"product_cat":[44,194,198,343],"product_tag":[370,369,364],"acf":[],"_links":{"self":[{"href":"http:\/\/www.locacaodemaquinas.com.br\/site\/wp-json\/wp\/v2\/product\/1000"}],"collection":[{"href":"http:\/\/www.locacaodemaquinas.com.br\/site\/wp-json\/wp\/v2\/product"}],"about":[{"href":"http:\/\/www.locacaodemaquinas.com.br\/site\/wp-json\/wp\/v2\/types\/product"}],"replies":[{"embeddable":true,"href":"http:\/\/www.locacaodemaquinas.com.br\/site\/wp-json\/wp\/v2\/comments?post=1000"}],"wp:featuredmedia":[{"embeddable":true,"href":"http:\/\/www.locacaodemaquinas.com.br\/site\/wp-json\/wp\/v2\/media\/1005"}],"wp:attachment":[{"href":"http:\/\/www.locacaodemaquinas.com.br\/site\/wp-json\/wp\/v2\/media?parent=1000"}],"wp:term":[{"taxonomy":"product_cat","embeddable":true,"href":"http:\/\/www.locacaodemaquinas.com.br\/site\/wp-json\/wp\/v2\/product_cat?post=1000"},{"taxonomy":"product_tag","embeddable":true,"href":"http:\/\/www.locacaodemaquinas.com.br\/site\/wp-json\/wp\/v2\/product_tag?post=1000"}],"curies":[{"name":"wp","href":"https:\/\/api.w.org\/{rel}","templated":true}]}}