{"id":1169,"date":"2022-06-18T09:09:12","date_gmt":"2022-06-18T12:09:12","guid":{"rendered":"http:\/\/www.locacaodemaquinas.com.br\/site\/?post_type=product&#038;p=1169"},"modified":"2022-07-06T15:49:30","modified_gmt":"2022-07-06T18:49:30","slug":"retificador-de-solda-origo-arc-406-trifasica-220-380-440-v-esab","status":"publish","type":"product","link":"http:\/\/www.locacaodemaquinas.com.br\/site\/loja\/ferramenta-eletrica-2\/retificadeira\/retificador-de-solda-origo-arc-406-trifasica-220-380-440-v-esab\/","title":{"rendered":"Retificador de Solda Origo Arc 406 &#8211; Trif\u00e1sica 220\/380\/440 V &#8211; Esab"},"content":{"rendered":"","protected":false},"excerpt":{"rendered":"<p>Os retificadores s\u00e3o fontes de energia com caracter\u00edstica de corrente constante destinada \u00e0 soldagem com eletrodos revestidos em corrente cont\u00ednua.<br \/>\nPermitem a soldagem com eletrodos at\u00e9 5,0 mm de di\u00e2metro. Al\u00e9m da soldagem de a\u00e7o carbono e a\u00e7o ligado permite soldar a\u00e7os inoxid\u00e1veis, ferros fundidos, alum\u00ednio e suas ligas, cobre e bronze.<br \/>\nA corrente de soldagem \u00e9 ajustada de forma cont\u00ednua por meio de manivela, para qualquer aplica\u00e7\u00e3o dentro da faixa de utiliza\u00e7\u00e3o.<br \/>\nA ventila\u00e7\u00e3o for\u00e7ada garante a refrigera\u00e7\u00e3o eficiente do retificador.<br \/>\nO gabinete dos retificadores Origo Arc \u00e9 robusto e f\u00e1cil de ser movimentado pelo local de trabalho uma vez que possui rodas, al\u00e7a e olhal de levantamento.<\/p>\n","protected":false},"featured_media":1180,"comment_status":"open","ping_status":"closed","template":"","meta":[],"product_cat":[462,483,44,226,229],"product_tag":[322,412],"acf":[],"_links":{"self":[{"href":"http:\/\/www.locacaodemaquinas.com.br\/site\/wp-json\/wp\/v2\/product\/1169"}],"collection":[{"href":"http:\/\/www.locacaodemaquinas.com.br\/site\/wp-json\/wp\/v2\/product"}],"about":[{"href":"http:\/\/www.locacaodemaquinas.com.br\/site\/wp-json\/wp\/v2\/types\/product"}],"replies":[{"embeddable":true,"href":"http:\/\/www.locacaodemaquinas.com.br\/site\/wp-json\/wp\/v2\/comments?post=1169"}],"wp:featuredmedia":[{"embeddable":true,"href":"http:\/\/www.locacaodemaquinas.com.br\/site\/wp-json\/wp\/v2\/media\/1180"}],"wp:attachment":[{"href":"http:\/\/www.locacaodemaquinas.com.br\/site\/wp-json\/wp\/v2\/media?parent=1169"}],"wp:term":[{"taxonomy":"product_cat","embeddable":true,"href":"http:\/\/www.locacaodemaquinas.com.br\/site\/wp-json\/wp\/v2\/product_cat?post=1169"},{"taxonomy":"product_tag","embeddable":true,"href":"http:\/\/www.locacaodemaquinas.com.br\/site\/wp-json\/wp\/v2\/product_tag?post=1169"}],"curies":[{"name":"wp","href":"https:\/\/api.w.org\/{rel}","templated":true}]}}