{"id":1226,"date":"2022-02-02T16:01:25","date_gmt":"2022-02-02T19:01:25","guid":{"rendered":"http:\/\/www.locacaodemaquinas.com.br\/site\/?post_type=product&#038;p=1226"},"modified":"2025-03-12T16:04:56","modified_gmt":"2025-03-12T19:04:56","slug":"esmerilhadeira-angular-5-125mm-dwe4314-dewalt","status":"publish","type":"product","link":"http:\/\/www.locacaodemaquinas.com.br\/site\/loja\/ferramenta-eletrica-2\/esmerilhadeira\/esmerilhadeira-angular-5-125mm-dwe4314-dewalt\/","title":{"rendered":"Esmerilhadeira Angular 5&#8243; (125mm)"},"content":{"rendered":"","protected":false},"excerpt":{"rendered":"<p>Motor de alta pot\u00eancia com gerenciamento eletr\u00f4nico\u00a0mant\u00e9m a rota\u00e7\u00e3o constante mesmo sob cargas.<\/p>\n<p>E-Clutch\u2122 Embreagem eletr\u00f4nica desliga o motor em fra\u00e7\u00f5es de segundo quando um contragolpe \u00e9 detectado\u00a0e prote\u00e7\u00e3o de sobrecarga.<\/p>\n<p>E-Switch Protection\u2122 Caso houver falta ou queda de\u00a0energia repentina o motor permanece desligado mesmo\u00a0com o interruptor ligado.<\/p>\n<p>Arranque progressivo.<\/p>\n<p>Interruptor com gatilho tipo alavanca e bloqueio contra acionamento acidental. Vers\u00e3o com sistema vital de acionamento \u2013 o interruptor se desliga automaticamente ao soltar a ferramenta.<\/p>\n<p>Empunhadura lateral emborrachada reduz a vibra\u00e7\u00e3o.<\/p>\n<p>Guarda de prote\u00e7\u00e3o sem chave com duas configura\u00e7\u00f5es:\u00a0Praticidade com o modo One-Touch\u2122 ajuste a posi\u00e7\u00e3o\u00a0da guarda com uma \u00fanica m\u00e3o e mais seguran\u00e7a no\u00a0modo Two-Touch\u2122, a guarda s\u00f3 se movimenta com a\u00a0libera\u00e7\u00e3o da trava.<\/p>\n<p>Sistema de expuls\u00e3o de p\u00f3, minimiza a entrada de poeira maximizando\u00a0 ventila\u00e7\u00e3o.<\/p>\n<p>Caixa de engrenagem robusta com encaixes para a empunhadura lateral em ambos os lados.<\/p>\n","protected":false},"featured_media":1240,"comment_status":"open","ping_status":"closed","template":"","meta":[],"product_cat":[463,143,347],"product_tag":[37,423],"acf":[],"_links":{"self":[{"href":"http:\/\/www.locacaodemaquinas.com.br\/site\/wp-json\/wp\/v2\/product\/1226"}],"collection":[{"href":"http:\/\/www.locacaodemaquinas.com.br\/site\/wp-json\/wp\/v2\/product"}],"about":[{"href":"http:\/\/www.locacaodemaquinas.com.br\/site\/wp-json\/wp\/v2\/types\/product"}],"replies":[{"embeddable":true,"href":"http:\/\/www.locacaodemaquinas.com.br\/site\/wp-json\/wp\/v2\/comments?post=1226"}],"wp:featuredmedia":[{"embeddable":true,"href":"http:\/\/www.locacaodemaquinas.com.br\/site\/wp-json\/wp\/v2\/media\/1240"}],"wp:attachment":[{"href":"http:\/\/www.locacaodemaquinas.com.br\/site\/wp-json\/wp\/v2\/media?parent=1226"}],"wp:term":[{"taxonomy":"product_cat","embeddable":true,"href":"http:\/\/www.locacaodemaquinas.com.br\/site\/wp-json\/wp\/v2\/product_cat?post=1226"},{"taxonomy":"product_tag","embeddable":true,"href":"http:\/\/www.locacaodemaquinas.com.br\/site\/wp-json\/wp\/v2\/product_tag?post=1226"}],"curies":[{"name":"wp","href":"https:\/\/api.w.org\/{rel}","templated":true}]}}