{"id":1452,"date":"2022-03-21T17:01:45","date_gmt":"2022-03-21T20:01:45","guid":{"rendered":"http:\/\/www.locacaodemaquinas.com.br\/site\/?post_type=product&#038;p=1452"},"modified":"2022-09-27T15:38:02","modified_gmt":"2022-09-27T18:38:02","slug":"tupia-para-laminados-dwe-6000-450w-dewalt","status":"publish","type":"product","link":"http:\/\/www.locacaodemaquinas.com.br\/site\/loja\/principais-marcas\/marca-dewalt\/tupia-para-laminados-dwe-6000-450w-dewalt\/","title":{"rendered":"Tupia para Laminados DWE 6000 450W &#8211; Dewalt"},"content":{"rendered":"<div id=\"features-specs\">\n<div id=\"includes\" class=\"ork-product-includes\">\n<div>\n<h3>CARACTER\u00cdSTICAS<\/h3>\n<\/div>\n<ul>\n<li>Potente motor com arranque progressivo e gerenciamento eletr\u00f4nico com velocidade vari\u00e1vel mant\u00e9m a rota\u00e7\u00e3o constante sob carga garante a qualidade do acabamento em todos os materiais;<\/li>\n<li>Eficiente sistema de conten\u00e7\u00e3o de p\u00f3 integrado garante visibilidade superior do corte;<\/li>\n<li>Inovador sistema de man\u00edpulos emborrachados da base com fun\u00e7\u00f5es de trava da coluna e interruptor integrados para m\u00e1ximo controle;<\/li>\n<li>Interruptor com trava de seguran\u00e7a contra acionamento acidental;<\/li>\n<li>Trava de eixo para troca de fresas com uma \u00fanica chave;<\/li>\n<li>Haste de ajuste fino com pinh\u00e3o e cremalheira de micro ajuste preciso de profundidade;<\/li>\n<li>Base de coluna com mancais em bronze garante movimento suave e preciso.<\/li>\n<\/ul>\n<h3>INCLUI<\/h3>\n<ul>\n<li>1 Guia paralela<\/li>\n<li>2 Hastes<\/li>\n<li>1 Pin\u00e7a 1\/4&#8221;<\/li>\n<li>1 Pin\u00e7a 6 mm<\/li>\n<li>1 Pin\u00e7a 8 mm<\/li>\n<li>1 Chave Fixa 17 \/ 10 mm<\/li>\n<li>1 Guia de n\u00edvel<\/li>\n<li>1 Adaptador para aspira\u00e7\u00e3o<\/li>\n<li>1 Tampa<\/li>\n<\/ul>\n<\/div>\n<\/div>\n<div id=\"warranty-section\">\n<div id=\"warranty\" class=\"ork-product-warranty\">\n<div class=\"container\">\n<h2><\/h2>\n<\/div>\n<\/div>\n<\/div>\n","protected":false},"excerpt":{"rendered":"<p>Obs: Tupia apenas para Venda.<\/p>\n<p>&nbsp;<\/p>\n","protected":false},"featured_media":1454,"comment_status":"open","ping_status":"closed","template":"","meta":[],"product_cat":[462,347,45,522],"product_tag":[37,439,311],"acf":[],"_links":{"self":[{"href":"http:\/\/www.locacaodemaquinas.com.br\/site\/wp-json\/wp\/v2\/product\/1452"}],"collection":[{"href":"http:\/\/www.locacaodemaquinas.com.br\/site\/wp-json\/wp\/v2\/product"}],"about":[{"href":"http:\/\/www.locacaodemaquinas.com.br\/site\/wp-json\/wp\/v2\/types\/product"}],"replies":[{"embeddable":true,"href":"http:\/\/www.locacaodemaquinas.com.br\/site\/wp-json\/wp\/v2\/comments?post=1452"}],"wp:featuredmedia":[{"embeddable":true,"href":"http:\/\/www.locacaodemaquinas.com.br\/site\/wp-json\/wp\/v2\/media\/1454"}],"wp:attachment":[{"href":"http:\/\/www.locacaodemaquinas.com.br\/site\/wp-json\/wp\/v2\/media?parent=1452"}],"wp:term":[{"taxonomy":"product_cat","embeddable":true,"href":"http:\/\/www.locacaodemaquinas.com.br\/site\/wp-json\/wp\/v2\/product_cat?post=1452"},{"taxonomy":"product_tag","embeddable":true,"href":"http:\/\/www.locacaodemaquinas.com.br\/site\/wp-json\/wp\/v2\/product_tag?post=1452"}],"curies":[{"name":"wp","href":"https:\/\/api.w.org\/{rel}","templated":true}]}}