{"id":1646,"date":"2022-04-26T12:05:54","date_gmt":"2022-04-26T15:05:54","guid":{"rendered":"http:\/\/www.locacaodemaquinas.com.br\/site\/?post_type=product&#038;p=1646"},"modified":"2022-04-26T12:08:41","modified_gmt":"2022-04-26T15:08:41","slug":"lixa-dagua-carbeto-de-silicio-daw5-p2500-230-x-280-mm-dewalt","status":"publish","type":"product","link":"http:\/\/www.locacaodemaquinas.com.br\/site\/loja\/principais-marcas\/marca-dewalt\/lixa-dagua-carbeto-de-silicio-daw5-p2500-230-x-280-mm-dewalt\/","title":{"rendered":"Lixa d&#8217;\u00c1gua Carbeto de Sil\u00edcio DAW5 P2500 (230 x 280 mm) &#8211; DEWALT"},"content":{"rendered":"<p>Lixa d&#8217;\u00c1gua ultrafina Carbeto de Sil\u00edcio DAW5<\/p>\n","protected":false},"excerpt":{"rendered":"<p>Para lixamento uniforme com alta qualidade.<\/p>\n<p>Possui gr\u00e3os de tamanhos precisos que removem imperfei\u00e7\u00f5es e fornecem padr\u00e3o de lixamento uniforme.<\/p>\n<p>Pode passar no automotivo.<\/p>\n","protected":false},"featured_media":1616,"comment_status":"open","ping_status":"closed","template":"","meta":[],"product_cat":[347,45,508],"product_tag":[37,531,530],"acf":[],"_links":{"self":[{"href":"http:\/\/www.locacaodemaquinas.com.br\/site\/wp-json\/wp\/v2\/product\/1646"}],"collection":[{"href":"http:\/\/www.locacaodemaquinas.com.br\/site\/wp-json\/wp\/v2\/product"}],"about":[{"href":"http:\/\/www.locacaodemaquinas.com.br\/site\/wp-json\/wp\/v2\/types\/product"}],"replies":[{"embeddable":true,"href":"http:\/\/www.locacaodemaquinas.com.br\/site\/wp-json\/wp\/v2\/comments?post=1646"}],"wp:featuredmedia":[{"embeddable":true,"href":"http:\/\/www.locacaodemaquinas.com.br\/site\/wp-json\/wp\/v2\/media\/1616"}],"wp:attachment":[{"href":"http:\/\/www.locacaodemaquinas.com.br\/site\/wp-json\/wp\/v2\/media?parent=1646"}],"wp:term":[{"taxonomy":"product_cat","embeddable":true,"href":"http:\/\/www.locacaodemaquinas.com.br\/site\/wp-json\/wp\/v2\/product_cat?post=1646"},{"taxonomy":"product_tag","embeddable":true,"href":"http:\/\/www.locacaodemaquinas.com.br\/site\/wp-json\/wp\/v2\/product_tag?post=1646"}],"curies":[{"name":"wp","href":"https:\/\/api.w.org\/{rel}","templated":true}]}}