{"id":1933,"date":"2022-05-12T17:34:45","date_gmt":"2022-05-12T20:34:45","guid":{"rendered":"http:\/\/www.locacaodemaquinas.com.br\/site\/?post_type=product&#038;p=1933"},"modified":"2025-10-17T16:10:10","modified_gmt":"2025-10-17T19:10:10","slug":"disco-lixa-seco-antifill-auto-aderente-5-g150-8-furos-das20-dewalt-2","status":"publish","type":"product","link":"http:\/\/www.locacaodemaquinas.com.br\/site\/loja\/principais-marcas\/marca-dewalt\/disco-lixa-seco-antifill-auto-aderente-5-g150-8-furos-das20-dewalt-2\/","title":{"rendered":"Disco Lixa Seco Antifill Auto Aderente 5&#8243; 8 Furos DAS20 &#8211; Dewalt"},"content":{"rendered":"<p><strong>Para Lixamento \u00e0 Seco<\/strong><\/p>\n<ul>\n<li>Alto Poder de Remo\u00e7\u00e3o<\/li>\n<li>Resistente ao Rasgo<\/li>\n<li>Excelente Acabamento<\/li>\n<\/ul>\n<p>&nbsp;<\/p>\n<p>&#8211; Com revestimento antiempastante Antifill, que oferece mais durabilidade que as lixas sem revestimento, pois o Antifill evita o empastamento na lixa<br \/>\n&#8211; Base em velcro felpudo, para f\u00e1cil troca e ajuste<br \/>\n&#8211; Diferente das lixas comuns, permite lixamento de primer, massa pl\u00e1stica, pol\u00edmeros, pintura (tinta e verniz) e lixamento de verniz<br \/>\n&#8211; Indicado para lixadeiras pneum\u00e1ticas, el\u00e9tricas e outras que utilizem discos de 125mm sem furots<br \/>\n&#8211; Possui alta velocidade de remo\u00e7\u00e3o, alta resist\u00eancia ao rasgo e excelente acabamento, fatores que geram maior tempo de aproveitamento do produto<br \/>\n&#8211; Com costado antideslizante e tratado com l\u00e1tex, \u00e9 ideal para prepara\u00e7\u00e3o de superf\u00edcie, remo\u00e7\u00e3o de material, acabamento e limpeza, em trabalhos com tinta, massa pl\u00e1stica e madeira.<\/p>\n","protected":false},"excerpt":{"rendered":"<p>Disco para Lixadora Roto Orbital<\/p>\n","protected":false},"featured_media":1796,"comment_status":"open","ping_status":"closed","template":"","meta":[],"product_cat":[342,347,45,508],"product_tag":[37,540,292],"acf":[],"_links":{"self":[{"href":"http:\/\/www.locacaodemaquinas.com.br\/site\/wp-json\/wp\/v2\/product\/1933"}],"collection":[{"href":"http:\/\/www.locacaodemaquinas.com.br\/site\/wp-json\/wp\/v2\/product"}],"about":[{"href":"http:\/\/www.locacaodemaquinas.com.br\/site\/wp-json\/wp\/v2\/types\/product"}],"replies":[{"embeddable":true,"href":"http:\/\/www.locacaodemaquinas.com.br\/site\/wp-json\/wp\/v2\/comments?post=1933"}],"wp:featuredmedia":[{"embeddable":true,"href":"http:\/\/www.locacaodemaquinas.com.br\/site\/wp-json\/wp\/v2\/media\/1796"}],"wp:attachment":[{"href":"http:\/\/www.locacaodemaquinas.com.br\/site\/wp-json\/wp\/v2\/media?parent=1933"}],"wp:term":[{"taxonomy":"product_cat","embeddable":true,"href":"http:\/\/www.locacaodemaquinas.com.br\/site\/wp-json\/wp\/v2\/product_cat?post=1933"},{"taxonomy":"product_tag","embeddable":true,"href":"http:\/\/www.locacaodemaquinas.com.br\/site\/wp-json\/wp\/v2\/product_tag?post=1933"}],"curies":[{"name":"wp","href":"https:\/\/api.w.org\/{rel}","templated":true}]}}