{"id":2004,"date":"2022-05-20T16:18:09","date_gmt":"2022-05-20T19:18:09","guid":{"rendered":"http:\/\/www.locacaodemaquinas.com.br\/site\/?post_type=product&#038;p=2004"},"modified":"2023-01-23T16:51:41","modified_gmt":"2023-01-23T19:51:41","slug":"disco-lixa-velcro-5-sortido-8-furos-dw4301-dewalt","status":"publish","type":"product","link":"http:\/\/www.locacaodemaquinas.com.br\/site\/loja\/principais-marcas\/marca-dewalt\/disco-lixa-velcro-5-sortido-8-furos-dw4301-dewalt\/","title":{"rendered":"Kit 5 Disco Lixa Velcro 5&#8243; Sortido 8 Furos DW4301 &#8211; Dewalt"},"content":{"rendered":"<div id=\"features\" class=\"ork-product-features\">\n<h3>CARACTER\u00cdSTICAS<\/h3>\n<ul>\n<li>Gr\u00e3o de \u00f3xido de alum\u00ednio premium, remove material com mais efici\u00eancia.<\/li>\n<li>Costado quimicamente tratado, mais resistente a rasgos.<\/li>\n<li>Com 8 furos para estra\u00e7\u00e3o do p\u00f3.<\/li>\n<\/ul>\n<\/div>\n<div id=\"applications\" class=\"ork-product-applications\">\n<h3>APLICA\u00c7\u00d5ES<\/h3>\n<ul>\n<li>Prepara\u00e7\u00e3o para pintura.<\/li>\n<li>Verniz.<\/li>\n<li>Madeira.<\/li>\n<\/ul>\n<\/div>\n","protected":false},"excerpt":{"rendered":"<div>Gr\u00e3os de \u00f3xido de alum\u00ednio premium para r\u00e1pida remo\u00e7\u00e3o de material e um costado especialmente tratado, resistente ao rasgo.<\/div>\n<p><strong>Pacote com 5 unidades<\/strong><\/p>\n","protected":false},"featured_media":2002,"comment_status":"open","ping_status":"closed","template":"","meta":[],"product_cat":[342,347,45,508],"product_tag":[37,540,548],"acf":[],"_links":{"self":[{"href":"http:\/\/www.locacaodemaquinas.com.br\/site\/wp-json\/wp\/v2\/product\/2004"}],"collection":[{"href":"http:\/\/www.locacaodemaquinas.com.br\/site\/wp-json\/wp\/v2\/product"}],"about":[{"href":"http:\/\/www.locacaodemaquinas.com.br\/site\/wp-json\/wp\/v2\/types\/product"}],"replies":[{"embeddable":true,"href":"http:\/\/www.locacaodemaquinas.com.br\/site\/wp-json\/wp\/v2\/comments?post=2004"}],"wp:featuredmedia":[{"embeddable":true,"href":"http:\/\/www.locacaodemaquinas.com.br\/site\/wp-json\/wp\/v2\/media\/2002"}],"wp:attachment":[{"href":"http:\/\/www.locacaodemaquinas.com.br\/site\/wp-json\/wp\/v2\/media?parent=2004"}],"wp:term":[{"taxonomy":"product_cat","embeddable":true,"href":"http:\/\/www.locacaodemaquinas.com.br\/site\/wp-json\/wp\/v2\/product_cat?post=2004"},{"taxonomy":"product_tag","embeddable":true,"href":"http:\/\/www.locacaodemaquinas.com.br\/site\/wp-json\/wp\/v2\/product_tag?post=2004"}],"curies":[{"name":"wp","href":"https:\/\/api.w.org\/{rel}","templated":true}]}}