{"id":2082,"date":"2022-06-09T16:45:03","date_gmt":"2022-06-09T19:45:03","guid":{"rendered":"http:\/\/www.locacaodemaquinas.com.br\/site\/?post_type=product&#038;p=2082"},"modified":"2022-06-14T17:03:29","modified_gmt":"2022-06-14T20:03:29","slug":"adesivo-pu-40fix-cinza-387g-280ml-tekbond","status":"publish","type":"product","link":"http:\/\/www.locacaodemaquinas.com.br\/site\/loja\/venda\/adesivos-vedantes-quimicos\/adesivo-pu-40fix-cinza-387g-280ml-tekbond\/","title":{"rendered":"Adesivo PU 40FIX Cinza 387g\/280ml &#8211;  TEKBOND"},"content":{"rendered":"<p>CARACTER\u00cdSTICAS:<br \/>\nPossui excelente resist\u00eancia a condi\u00e7\u00f5es atmosf\u00e9ricas como: chuva e vento.<\/p>\n<p>O produto \u00e9 pint\u00e1vel, ap\u00f3s curado.<\/p>\n<p>INSTRU\u00c7\u00d5ES DE USO:<br \/>\n1. As superf\u00edcies de aplica\u00e7\u00e3o devem ser limpas com \u00e1lcool ou acetona, secas e firmes. N\u00e3o utilizar querosene ou gasolina para a limpeza das superf\u00edcies.<\/p>\n<p>2. Cortar a ponta do cartucho e cortar o bico aplicador em um \u00e2ngulo de 45\u00ba no tamanho e espessura desejada. Rosquear o bico aplicador no cartucho e colocar na pistola aplicadora.<\/p>\n<p>3. Aplique o adesivo em forma de filetes;<\/p>\n<p>4. Durante a colagem orientamos a coloca\u00e7\u00e3o de grampos ou ganchos para que n\u00e3o haja a movimenta\u00e7\u00e3o da pe\u00e7a a ser colada.<\/p>\n<p>5. Se as pe\u00e7as forem pesadas, utilizar um suporte (fita adesiva, cal\u00e7o, etc.) at\u00e9 a secagem total do adesivo.<\/p>\n<p>6. A cura total \u00e9 de 24 horas a 48 horas em fun\u00e7\u00e3o do clima, quantidade de adesivo e peso das pe\u00e7as a serem fixadas.<\/p>\n<p>LIMITA\u00c7\u00d5ES DE USO:<br \/>\n1. Para todas as superf\u00edcies que eliminam \u00f3leo, plastificantes ou solventes, como madeira imersa em \u00f3leo, superf\u00edcies quando est\u00e3o molhadas, paredes com revestimento em processo de descascamento;<\/p>\n<p>2. N\u00e3o deve ser aplicado em material de espuma de poliestireno e em pl\u00e1sticos: Polietileno, Polipropileno e Teflon;<\/p>\n<p>3. Em caso de paredes que houver tinta (pintura) verificar as condi\u00e7\u00f5es das mesmas de poss\u00edveis descama\u00e7\u00f5es, caso haja necessidade, efetuar o lixamento no local de aplica\u00e7\u00e3o.<\/p>\n<p>4. Para superf\u00edcies que tenham contato direto com alimentos.<\/p>\n<p>5. N\u00e3o pode ser usado como adesivo estrutural.<\/p>\n<p>6. N\u00e3o pode ser pintado.<\/p>\n","protected":false},"excerpt":{"rendered":"<p>\u00c9 considerado um adesivo multiuso, pois adere a diversos tipos de materias com alta performance como concreto, pedras, madeiras, m\u00e1rmores, cer\u00e2micas, vidros, alum\u00ednios, ligas met\u00e1licas entre outros.<\/p>\n","protected":false},"featured_media":2123,"comment_status":"open","ping_status":"closed","template":"","meta":[],"product_cat":[45,509],"product_tag":[562,568,563],"acf":[],"_links":{"self":[{"href":"http:\/\/www.locacaodemaquinas.com.br\/site\/wp-json\/wp\/v2\/product\/2082"}],"collection":[{"href":"http:\/\/www.locacaodemaquinas.com.br\/site\/wp-json\/wp\/v2\/product"}],"about":[{"href":"http:\/\/www.locacaodemaquinas.com.br\/site\/wp-json\/wp\/v2\/types\/product"}],"replies":[{"embeddable":true,"href":"http:\/\/www.locacaodemaquinas.com.br\/site\/wp-json\/wp\/v2\/comments?post=2082"}],"wp:featuredmedia":[{"embeddable":true,"href":"http:\/\/www.locacaodemaquinas.com.br\/site\/wp-json\/wp\/v2\/media\/2123"}],"wp:attachment":[{"href":"http:\/\/www.locacaodemaquinas.com.br\/site\/wp-json\/wp\/v2\/media?parent=2082"}],"wp:term":[{"taxonomy":"product_cat","embeddable":true,"href":"http:\/\/www.locacaodemaquinas.com.br\/site\/wp-json\/wp\/v2\/product_cat?post=2082"},{"taxonomy":"product_tag","embeddable":true,"href":"http:\/\/www.locacaodemaquinas.com.br\/site\/wp-json\/wp\/v2\/product_tag?post=2082"}],"curies":[{"name":"wp","href":"https:\/\/api.w.org\/{rel}","templated":true}]}}