{"id":2083,"date":"2022-06-09T16:50:43","date_gmt":"2022-06-09T19:50:43","guid":{"rendered":"http:\/\/www.locacaodemaquinas.com.br\/site\/?post_type=product&#038;p=2083"},"modified":"2022-06-14T16:39:33","modified_gmt":"2022-06-14T19:39:33","slug":"cola-de-contato-200g-lata-tekbond","status":"publish","type":"product","link":"http:\/\/www.locacaodemaquinas.com.br\/site\/loja\/venda\/adesivos-vedantes-quimicos\/cola-de-contato-200g-lata-tekbond\/","title":{"rendered":"Cola de Contato 200g Lata &#8211; TEKBOND"},"content":{"rendered":"<p>INSTRU\u00c7\u00d5ES DE USO:<br \/>\nCertifique-se de que as superf\u00edcies a ser coladas estejam secas e limpas (livres de poeira, gordura ou qualquer resqu\u00edcio de oleosidade).<br \/>\nCaso a superf\u00edcie de colagem n\u00e3o seja porosa ou nivelada, recomendamos que voc\u00ea lixe a pe\u00e7a para propiciar melhor ancoragem da cola.<br \/>\nMexa o adesivo antes de usar. Em seguida, aplique uma camada uniforme de cola em ambas as superf\u00edcies a ser coladas com uma esp\u00e1tula dentada, pincel de cerdas duras ou rolo de l\u00e3 de carneiro. Para materiais mais porosos, \u00e9 indicada uma segunda aplica\u00e7\u00e3o ap\u00f3s 20 minutos da primeira dem\u00e3o.<br \/>\nAguarde o tempo de secagem da cola em ambas as superf\u00edcies de 15 a 30 minutos. Esse tempo pode variar conforme a temperatura e a ventila\u00e7\u00e3o do ambiente. OBS.: verificar com a ponta dos dedos se h\u00e1 ader\u00eancia. Os dedos n\u00e3o devem ficar com res\u00edduos da cola.<br \/>\nFa\u00e7a a uni\u00e3o das pe\u00e7as apenas ap\u00f3s a secagem, pressionando do centro para as pontas, evitando assim a forma\u00e7\u00e3o de bolhas.<br \/>\nAp\u00f3s o uso, feche bem a embalagem do produto, para prolongar sua vida \u00fatil.<br \/>\nN\u00e3o teste a resist\u00eancia da colagem antes de 48 horas ap\u00f3s a press\u00e3o.<br \/>\nO tempo de cura total \u00e9 de 7 dias.<\/p>\n<p>Recomendamos a realiza\u00e7\u00e3o de testes antes da aplica\u00e7\u00e3o final do produto.<\/p>\n<p>N\u00e3o adere em materiais \u00e0 base de polietileno, polipropileno e PTFE (resina antiaderente).<\/p>\n<p>PRECAU\u00c7\u00d5ES:<br \/>\nN\u00e3o manuseie o produto antes de ter lido e compreendido todas as precau\u00e7\u00f5es de seguran\u00e7a.<\/p>\n<p>N\u00e3o coma, beba ou fume durante a utiliza\u00e7\u00e3o deste produto.<\/p>\n<p>Use luvas de prote\u00e7\u00e3o, roupa de prote\u00e7\u00e3o, prote\u00e7\u00e3o ocular e prote\u00e7\u00e3o facial.<\/p>\n<p>Utilize apenas ao ar livre ou em locais bem ventilados.<\/p>\n<p>Obtenha instru\u00e7\u00f5es espec\u00edficas antes da utiliza\u00e7\u00e3o.<\/p>\n<p>Lave as m\u00e3os cuidadosamente ap\u00f3s o manuseio.<\/p>\n<p>A inala\u00e7\u00e3o frequente em concentra\u00e7\u00f5es elevadas deste produto, acima dos n\u00edveis permitidos pela legisla\u00e7\u00e3o, pode causar depend\u00eancia e danos irrevers\u00edveis \u00e0 sa\u00fade.<\/p>\n","protected":false},"excerpt":{"rendered":"<p>A Cola de Contato Tekbond \u00e9 um adesivo de contato \u00e0 base de borracha de policloropreno desenvolvido para a colagem de v\u00e1rios tipos de materiais entre si (ex.: madeira-madeira; couro-couro) ou combinados (ex.: madeira-couro). F\u00e1cil de usar, oferece secagem r\u00e1pida, boa resist\u00eancia \u00e0 \u00e1gua e excelente resist\u00eancia inicial.<\/p>\n<p>Indicada para a colagem de laminados decorativos, pisos de borracha, couro, metais, lambris e diversos materiais sint\u00e9ticos em madeiras compensadas, aglomerados, MDF e diversos substratos.<\/p>\n","protected":false},"featured_media":2114,"comment_status":"open","ping_status":"closed","template":"","meta":[],"product_cat":[45,509],"product_tag":[562,569,570,563],"acf":[],"_links":{"self":[{"href":"http:\/\/www.locacaodemaquinas.com.br\/site\/wp-json\/wp\/v2\/product\/2083"}],"collection":[{"href":"http:\/\/www.locacaodemaquinas.com.br\/site\/wp-json\/wp\/v2\/product"}],"about":[{"href":"http:\/\/www.locacaodemaquinas.com.br\/site\/wp-json\/wp\/v2\/types\/product"}],"replies":[{"embeddable":true,"href":"http:\/\/www.locacaodemaquinas.com.br\/site\/wp-json\/wp\/v2\/comments?post=2083"}],"wp:featuredmedia":[{"embeddable":true,"href":"http:\/\/www.locacaodemaquinas.com.br\/site\/wp-json\/wp\/v2\/media\/2114"}],"wp:attachment":[{"href":"http:\/\/www.locacaodemaquinas.com.br\/site\/wp-json\/wp\/v2\/media?parent=2083"}],"wp:term":[{"taxonomy":"product_cat","embeddable":true,"href":"http:\/\/www.locacaodemaquinas.com.br\/site\/wp-json\/wp\/v2\/product_cat?post=2083"},{"taxonomy":"product_tag","embeddable":true,"href":"http:\/\/www.locacaodemaquinas.com.br\/site\/wp-json\/wp\/v2\/product_tag?post=2083"}],"curies":[{"name":"wp","href":"https:\/\/api.w.org\/{rel}","templated":true}]}}