{"id":2093,"date":"2022-06-10T10:45:36","date_gmt":"2022-06-10T13:45:36","guid":{"rendered":"http:\/\/www.locacaodemaquinas.com.br\/site\/?post_type=product&#038;p=2093"},"modified":"2022-06-20T11:02:31","modified_gmt":"2022-06-20T14:02:31","slug":"bomba-graxa-manual-7kg-hidromar","status":"publish","type":"product","link":"http:\/\/www.locacaodemaquinas.com.br\/site\/loja\/venda\/bombas\/bomba-graxa-manual-7kg-hidromar\/","title":{"rendered":"Bomba Graxa Manual 7kg &#8211; Hidromar"},"content":{"rendered":"","protected":false},"excerpt":{"rendered":"<p>A Engraxadeira Hidromar \u00e9 versatil \u00e9 de f\u00e1cil opera\u00e7\u00e3o, com capacidade para 7 Kg. Este produto tamb\u00e9m conhecido por Graxeira \u00e9 indicado para lubrifica\u00e7\u00e3o de eixos, molas e pe\u00e7as em geral que exigem lubrifica\u00e7\u00e3o para seu bom funcionamento.<\/p>\n","protected":false},"featured_media":2161,"comment_status":"open","ping_status":"closed","template":"","meta":[],"product_cat":[45,510],"product_tag":[584,586,587],"acf":[],"_links":{"self":[{"href":"http:\/\/www.locacaodemaquinas.com.br\/site\/wp-json\/wp\/v2\/product\/2093"}],"collection":[{"href":"http:\/\/www.locacaodemaquinas.com.br\/site\/wp-json\/wp\/v2\/product"}],"about":[{"href":"http:\/\/www.locacaodemaquinas.com.br\/site\/wp-json\/wp\/v2\/types\/product"}],"replies":[{"embeddable":true,"href":"http:\/\/www.locacaodemaquinas.com.br\/site\/wp-json\/wp\/v2\/comments?post=2093"}],"wp:featuredmedia":[{"embeddable":true,"href":"http:\/\/www.locacaodemaquinas.com.br\/site\/wp-json\/wp\/v2\/media\/2161"}],"wp:attachment":[{"href":"http:\/\/www.locacaodemaquinas.com.br\/site\/wp-json\/wp\/v2\/media?parent=2093"}],"wp:term":[{"taxonomy":"product_cat","embeddable":true,"href":"http:\/\/www.locacaodemaquinas.com.br\/site\/wp-json\/wp\/v2\/product_cat?post=2093"},{"taxonomy":"product_tag","embeddable":true,"href":"http:\/\/www.locacaodemaquinas.com.br\/site\/wp-json\/wp\/v2\/product_tag?post=2093"}],"curies":[{"name":"wp","href":"https:\/\/api.w.org\/{rel}","templated":true}]}}