{"id":2154,"date":"2022-06-20T16:03:44","date_gmt":"2022-06-20T19:03:44","guid":{"rendered":"http:\/\/www.locacaodemaquinas.com.br\/site\/?post_type=product&#038;p=2154"},"modified":"2022-06-20T16:18:37","modified_gmt":"2022-06-20T19:18:37","slug":"motobomba-auto-escorvante-a-gasolina-2-tgae15-toyama","status":"publish","type":"product","link":"http:\/\/www.locacaodemaquinas.com.br\/site\/loja\/locacao\/bomba\/motobomba\/motobomba-auto-escorvante-a-gasolina-2-tgae15-toyama\/","title":{"rendered":"Motobomba Auto-Escorvante 1.1\/2&#8243; \u00e0 Gasolina 4T TGAE15 &#8211; Toyama"},"content":{"rendered":"","protected":false},"excerpt":{"rendered":"<p>A\u00a0<strong>Motobomba TGAE-15TL\u00a0<\/strong>\u00e9 um modelo multi-uso, extremamente compacto, leve, por\u00e9m resistente. Auto-escorvante, \u00e9 equipada com motor a gasolina de 2 tempos de 50 cc com pot\u00eancia m\u00e1xima de 2,5 HP e possui di\u00e2metros de suc\u00e7\u00e3o e recalque em 1.1\/2&#8243;. O corpo da bomba \u00e9 feito em alum\u00ednio fundido. O produto foi projetado para trabalhar com \u00e1guas leves (limpas ou servidas sem s\u00f3lidos em suspens\u00e3o).<\/p>\n<p>Este equipamento \u00e9 ideal para transfer\u00eancia de \u00e1gua na agricultura como na irriga\u00e7\u00e3o de pequenos pomares, hortas e abastecimento de pulverizadores. A\u00a0<strong>TGAE-15TL<\/strong>\u00a0pode ser utilizada para o escoamento de vertentes de \u00e1gua, abastecimento de caixas d&#8217;\u00e1gua e piscinas. Nas regi\u00f5es oce\u00e2nicas \u00e9 normal encontrar este modelo sendo utilizado para alimentar os famosos chuveirinhos nas praias e molhar a areia para a pr\u00e1tica de esportes como volei de praia ou futvolei.<\/p>\n","protected":false},"featured_media":2167,"comment_status":"open","ping_status":"closed","template":"","meta":[],"product_cat":[44,155,156],"product_tag":[584,266,592,596],"acf":[],"_links":{"self":[{"href":"http:\/\/www.locacaodemaquinas.com.br\/site\/wp-json\/wp\/v2\/product\/2154"}],"collection":[{"href":"http:\/\/www.locacaodemaquinas.com.br\/site\/wp-json\/wp\/v2\/product"}],"about":[{"href":"http:\/\/www.locacaodemaquinas.com.br\/site\/wp-json\/wp\/v2\/types\/product"}],"replies":[{"embeddable":true,"href":"http:\/\/www.locacaodemaquinas.com.br\/site\/wp-json\/wp\/v2\/comments?post=2154"}],"wp:featuredmedia":[{"embeddable":true,"href":"http:\/\/www.locacaodemaquinas.com.br\/site\/wp-json\/wp\/v2\/media\/2167"}],"wp:attachment":[{"href":"http:\/\/www.locacaodemaquinas.com.br\/site\/wp-json\/wp\/v2\/media?parent=2154"}],"wp:term":[{"taxonomy":"product_cat","embeddable":true,"href":"http:\/\/www.locacaodemaquinas.com.br\/site\/wp-json\/wp\/v2\/product_cat?post=2154"},{"taxonomy":"product_tag","embeddable":true,"href":"http:\/\/www.locacaodemaquinas.com.br\/site\/wp-json\/wp\/v2\/product_tag?post=2154"}],"curies":[{"name":"wp","href":"https:\/\/api.w.org\/{rel}","templated":true}]}}