{"id":2233,"date":"2022-07-05T13:04:07","date_gmt":"2022-07-05T16:04:07","guid":{"rendered":"http:\/\/www.locacaodemaquinas.com.br\/site\/?post_type=product&#038;p=2233"},"modified":"2022-07-05T13:05:27","modified_gmt":"2022-07-05T16:05:27","slug":"gerador-de-energia-a-diesel-gbw-15-pramac","status":"publish","type":"product","link":"http:\/\/www.locacaodemaquinas.com.br\/site\/loja\/locacao\/gerador-energia\/gerador-energia-cabinados\/gerador-de-energia-a-diesel-gbw-15-pramac\/","title":{"rendered":"Gerador de Energia \u00e0 Diesel GBW 15 &#8211; Pramac"},"content":{"rendered":"<p>A linha GBW \u00e9 uma solu\u00e7\u00e3o profissional apta a suportar falhas na rede el\u00e9trica ou servir locais isolados.<\/p>\n<p>As principais caracter\u00edsticas da linha GBW s\u00e3o: facilidade no transporte, instala\u00e7\u00e3o, manuten\u00e7\u00e3o e armazenagem. Tudo isso gra\u00e7as as dimens\u00f5es compactas e com acesso completo e amplo \u00e0 todo<br \/>\nequipamento.<\/p>\n<p>Esta solu\u00e7\u00e3o \u00e9 a escolha certa para os clientes que desejam um produto profissional e de f\u00e1cil utiliza\u00e7\u00e3o.<\/p>\n","protected":false},"excerpt":{"rendered":"<p>F\u00e1cil de transportar, instalar e armazenar gra\u00e7as \u00e0s suas dimens\u00f5es compactas, esses geradores s\u00e3o ideais para stand by dom\u00e9stico, locais de constru\u00e7\u00e3o, locais de trabalhos m\u00f3veis e pequenas aplica\u00e7\u00f5es industriais.<\/p>\n","protected":false},"featured_media":2234,"comment_status":"open","ping_status":"closed","template":"","meta":[],"product_cat":[44,191,193],"product_tag":[611,609,610,612],"acf":[],"_links":{"self":[{"href":"http:\/\/www.locacaodemaquinas.com.br\/site\/wp-json\/wp\/v2\/product\/2233"}],"collection":[{"href":"http:\/\/www.locacaodemaquinas.com.br\/site\/wp-json\/wp\/v2\/product"}],"about":[{"href":"http:\/\/www.locacaodemaquinas.com.br\/site\/wp-json\/wp\/v2\/types\/product"}],"replies":[{"embeddable":true,"href":"http:\/\/www.locacaodemaquinas.com.br\/site\/wp-json\/wp\/v2\/comments?post=2233"}],"wp:featuredmedia":[{"embeddable":true,"href":"http:\/\/www.locacaodemaquinas.com.br\/site\/wp-json\/wp\/v2\/media\/2234"}],"wp:attachment":[{"href":"http:\/\/www.locacaodemaquinas.com.br\/site\/wp-json\/wp\/v2\/media?parent=2233"}],"wp:term":[{"taxonomy":"product_cat","embeddable":true,"href":"http:\/\/www.locacaodemaquinas.com.br\/site\/wp-json\/wp\/v2\/product_cat?post=2233"},{"taxonomy":"product_tag","embeddable":true,"href":"http:\/\/www.locacaodemaquinas.com.br\/site\/wp-json\/wp\/v2\/product_tag?post=2233"}],"curies":[{"name":"wp","href":"https:\/\/api.w.org\/{rel}","templated":true}]}}

Gerador de Energia à Diesel GBW 15 &#8211; Pramac

<p>A linha GBW é uma solução profissional apta a suportar falhas na rede elétrica ou servir locais isolados.</p>
<p>As principais características da linha GBW são: facilidade no transporte, instalação, manutenção e armazenagem. Tudo isso graças as dimensões compactas e com acesso completo e amplo à todo<br />
equipamento.</p>
<p>Esta solução é a escolha certa para os clientes que desejam um produto profissional e de fácil utilização.</p>

<p>Fácil de transportar, instalar e armazenar graças às suas dimensões compactas, esses geradores são ideais para stand by doméstico, locais de construção, locais de trabalhos móveis e pequenas aplicações industriais.</p>
