{"id":2245,"date":"2022-07-06T10:47:07","date_gmt":"2022-07-06T13:47:07","guid":{"rendered":"http:\/\/www.locacaodemaquinas.com.br\/site\/?post_type=product&#038;p=2245"},"modified":"2025-03-12T08:30:31","modified_gmt":"2025-03-12T11:30:31","slug":"acabadora-de-superficie-36-a-gasolina-ct36-wacker-neuson","status":"publish","type":"product","link":"http:\/\/www.locacaodemaquinas.com.br\/site\/loja\/locacao\/piso\/acabadora-superficie\/acabadora-de-superficie-36-a-gasolina-ct36-wacker-neuson\/","title":{"rendered":"Acabadora de Superf\u00edcie \u00e0 Gasolina"},"content":{"rendered":"<p><strong>Para resultados de acabamento de concreto perfeitos!<\/strong><\/p>\n<ul class=\"normalBullets\">\n<li>Classes de desempenho de 5,7 a 9 hp<\/li>\n<li>Diferentes op\u00e7\u00f5es de motor<\/li>\n<li>Velocidades vari\u00e1veis: Baixas velocidades para flutua\u00e7\u00e3o, altas velocidades para polimento<\/li>\n<li>Inclina\u00e7\u00e3o da l\u00e2mina at\u00e9 30\u00b0<\/li>\n<li>Desligamento de emerg\u00eancia<\/li>\n<\/ul>\n","protected":false},"excerpt":{"rendered":"<p>As esp\u00e1tulas s\u00e3o perfeitamente equilibradas, portanto, podem ser controladas sem esfor\u00e7o na ampla faixa de velocidades.\u00a0O freio da transmiss\u00e3o, o interruptor de seguran\u00e7a eletr\u00f4nico e o sensor de rota\u00e7\u00e3o do motor oferecem prote\u00e7\u00e3o tripla adicional para o usu\u00e1rio.\u00a0Em uma situa\u00e7\u00e3o de emerg\u00eancia, o dispositivo simplesmente desliga e a ma\u00e7aneta fica parada ap\u00f3s n\u00e3o mais de tr\u00eas quartos de volta.\u00a0Al\u00e9m disso, a unidade s\u00f3 dar\u00e1 partida se a alavanca do acelerador estiver em zero.\u00a0Isso evita uma rota\u00e7\u00e3o inadvertida da al\u00e7a na inicializa\u00e7\u00e3o.<\/p>\n","protected":false},"featured_media":2246,"comment_status":"open","ping_status":"closed","template":"","meta":[],"product_cat":[44,214,215],"product_tag":[398,397],"acf":[],"_links":{"self":[{"href":"http:\/\/www.locacaodemaquinas.com.br\/site\/wp-json\/wp\/v2\/product\/2245"}],"collection":[{"href":"http:\/\/www.locacaodemaquinas.com.br\/site\/wp-json\/wp\/v2\/product"}],"about":[{"href":"http:\/\/www.locacaodemaquinas.com.br\/site\/wp-json\/wp\/v2\/types\/product"}],"replies":[{"embeddable":true,"href":"http:\/\/www.locacaodemaquinas.com.br\/site\/wp-json\/wp\/v2\/comments?post=2245"}],"wp:featuredmedia":[{"embeddable":true,"href":"http:\/\/www.locacaodemaquinas.com.br\/site\/wp-json\/wp\/v2\/media\/2246"}],"wp:attachment":[{"href":"http:\/\/www.locacaodemaquinas.com.br\/site\/wp-json\/wp\/v2\/media?parent=2245"}],"wp:term":[{"taxonomy":"product_cat","embeddable":true,"href":"http:\/\/www.locacaodemaquinas.com.br\/site\/wp-json\/wp\/v2\/product_cat?post=2245"},{"taxonomy":"product_tag","embeddable":true,"href":"http:\/\/www.locacaodemaquinas.com.br\/site\/wp-json\/wp\/v2\/product_tag?post=2245"}],"curies":[{"name":"wp","href":"https:\/\/api.w.org\/{rel}","templated":true}]}}