{"id":2247,"date":"2022-07-07T09:40:59","date_gmt":"2022-07-07T12:40:59","guid":{"rendered":"http:\/\/www.locacaodemaquinas.com.br\/site\/?post_type=product&#038;p=2247"},"modified":"2022-07-07T09:40:59","modified_gmt":"2022-07-07T12:40:59","slug":"fita-adesiva-reforcada-multiuso-silver-tape-960-adelbras","status":"publish","type":"product","link":"http:\/\/www.locacaodemaquinas.com.br\/site\/loja\/venda\/fitas\/fita-adesiva-reforcada-multiuso-silver-tape-960-adelbras\/","title":{"rendered":"Fita Adesiva Refor\u00e7ada Multiuso &#8220;Silver Tape&#8221; 960 &#8211; Adelbras"},"content":{"rendered":"","protected":false},"excerpt":{"rendered":"<p>A fita adesiva refor\u00e7ada multiuso &#8220;Silver Tape&#8221; da Adelbras possui m\u00faltiplas aplica\u00e7\u00f5es na \u00e1rea industrial, fixa\u00e7\u00e3o profissional, veda\u00e7\u00e3o de dutos de ar condicionado e refrigera\u00e7\u00e3o, reparos provis\u00f3rios em materiais n\u00e1uticos (botes, pranchas), trabalhos de manuten\u00e7\u00e3o, emendas e refor\u00e7os.<\/p>\n","protected":false},"featured_media":2250,"comment_status":"open","ping_status":"closed","template":"","meta":[],"product_cat":[45,516],"product_tag":[618,615,616,619,617],"acf":[],"_links":{"self":[{"href":"http:\/\/www.locacaodemaquinas.com.br\/site\/wp-json\/wp\/v2\/product\/2247"}],"collection":[{"href":"http:\/\/www.locacaodemaquinas.com.br\/site\/wp-json\/wp\/v2\/product"}],"about":[{"href":"http:\/\/www.locacaodemaquinas.com.br\/site\/wp-json\/wp\/v2\/types\/product"}],"replies":[{"embeddable":true,"href":"http:\/\/www.locacaodemaquinas.com.br\/site\/wp-json\/wp\/v2\/comments?post=2247"}],"wp:featuredmedia":[{"embeddable":true,"href":"http:\/\/www.locacaodemaquinas.com.br\/site\/wp-json\/wp\/v2\/media\/2250"}],"wp:attachment":[{"href":"http:\/\/www.locacaodemaquinas.com.br\/site\/wp-json\/wp\/v2\/media?parent=2247"}],"wp:term":[{"taxonomy":"product_cat","embeddable":true,"href":"http:\/\/www.locacaodemaquinas.com.br\/site\/wp-json\/wp\/v2\/product_cat?post=2247"},{"taxonomy":"product_tag","embeddable":true,"href":"http:\/\/www.locacaodemaquinas.com.br\/site\/wp-json\/wp\/v2\/product_tag?post=2247"}],"curies":[{"name":"wp","href":"https:\/\/api.w.org\/{rel}","templated":true}]}}

Fita Adesiva Reforçada Multiuso &#8220;Silver Tape&#8221; 960 &#8211; Adelbras

<p>A fita adesiva reforçada multiuso &#8220;Silver Tape&#8221; da Adelbras possui múltiplas aplicações na área industrial, fixação profissional, vedação de dutos de ar condicionado e refrigeração, reparos provisórios em materiais náuticos (botes, pranchas), trabalhos de manutenção, emendas e reforços.</p>
