{"id":2297,"date":"2022-07-08T16:48:06","date_gmt":"2022-07-08T19:48:06","guid":{"rendered":"http:\/\/www.locacaodemaquinas.com.br\/site\/?post_type=product&#038;p=2297"},"modified":"2023-01-18T16:41:46","modified_gmt":"2023-01-18T19:41:46","slug":"fita-crepe-tekbond","status":"publish","type":"product","link":"http:\/\/www.locacaodemaquinas.com.br\/site\/loja\/venda\/fitas\/fita-crepe-tekbond\/","title":{"rendered":"Fita Crepe 50m &#8211; TEKBOND"},"content":{"rendered":"<h4>MODO DE USAR:<\/h4>\n<p>1. Limpe bem as superf\u00edcies, isentando-as de sujeira e oleosidade.<\/p>\n<p>2. Aplique a fita crepe Tekbond no local desejado, cortando no tamanho desejado.<\/p>\n","protected":false},"excerpt":{"rendered":"<p class=\"SNAPS--pdpTabDes\">Fita de papel crepado resistente ao sol e \u00e0 umidade, de f\u00e1cil remo\u00e7\u00e3o em at\u00e9 24h. Ideal para trabalhos de pintura, manuten\u00e7\u00e3o e acabamento.<\/p>\n","protected":false},"featured_media":2300,"comment_status":"open","ping_status":"closed","template":"","meta":[],"product_cat":[45,516],"product_tag":[615,625,563],"acf":[],"_links":{"self":[{"href":"http:\/\/www.locacaodemaquinas.com.br\/site\/wp-json\/wp\/v2\/product\/2297"}],"collection":[{"href":"http:\/\/www.locacaodemaquinas.com.br\/site\/wp-json\/wp\/v2\/product"}],"about":[{"href":"http:\/\/www.locacaodemaquinas.com.br\/site\/wp-json\/wp\/v2\/types\/product"}],"replies":[{"embeddable":true,"href":"http:\/\/www.locacaodemaquinas.com.br\/site\/wp-json\/wp\/v2\/comments?post=2297"}],"wp:featuredmedia":[{"embeddable":true,"href":"http:\/\/www.locacaodemaquinas.com.br\/site\/wp-json\/wp\/v2\/media\/2300"}],"wp:attachment":[{"href":"http:\/\/www.locacaodemaquinas.com.br\/site\/wp-json\/wp\/v2\/media?parent=2297"}],"wp:term":[{"taxonomy":"product_cat","embeddable":true,"href":"http:\/\/www.locacaodemaquinas.com.br\/site\/wp-json\/wp\/v2\/product_cat?post=2297"},{"taxonomy":"product_tag","embeddable":true,"href":"http:\/\/www.locacaodemaquinas.com.br\/site\/wp-json\/wp\/v2\/product_tag?post=2297"}],"curies":[{"name":"wp","href":"https:\/\/api.w.org\/{rel}","templated":true}]}}