{"id":2336,"date":"2022-07-11T16:39:09","date_gmt":"2022-07-11T19:39:09","guid":{"rendered":"http:\/\/www.locacaodemaquinas.com.br\/site\/?post_type=product&#038;p=2336"},"modified":"2022-07-11T16:39:09","modified_gmt":"2022-07-11T19:39:09","slug":"fita-isolante-scotch-3319mm-x-10m-3m","status":"publish","type":"product","link":"http:\/\/www.locacaodemaquinas.com.br\/site\/loja\/venda\/fitas\/fita-isolante-scotch-3319mm-x-10m-3m\/","title":{"rendered":"Fita Isolante Scotch 33+(19mm x 10m) &#8211; 3M"},"content":{"rendered":"<ul class=\"MMM--pdpList SNAPS--bullets\">\n<li>Uso Profissional<\/li>\n<li>Alta durabilidade, pois n\u00e3o desgruda e n\u00e3o resseca ao longo dos anos<\/li>\n<li>Flexibilidade superior mesmo com movimentos bruscos de dilata\u00e7\u00e3o e contra\u00e7\u00e3o dos fios<\/li>\n<li>Ades\u00e3o diferenciada: adesivo de qualidade superior que minimiza a possibilidade de desgrudar dos fios e cabos e at\u00e9 mesmo de derreter o adesivo, garantido um servi\u00e7o mais limpo e de qualidade<\/li>\n<li>Maior rendimento com possibilidade de isolar fios com menor quantidade de fios, garantindo rela\u00e7\u00e3o melhor custo x benef\u00edcio<\/li>\n<li>Resistente \u00e0 umidade<\/li>\n<li>\u00d3tima e r\u00e1pida fus\u00e3o sem presen\u00e7a de bolhas<\/li>\n<li>Validade: 2 anos a partir da data da fabrica\u00e7\u00e3o<\/li>\n<\/ul>\n","protected":false},"excerpt":{"rendered":"<p>Destinada ao uso profissional, a Fita Isolante 3M\u2122 Scotch\u2122 33+ possui alto poder de ades\u00e3o e conformabilidade. Oferece prote\u00e7\u00e3o, seguran\u00e7a e alta durabilidade, com \u00f3timos resultados nos mais diversos tipos de isolamentos el\u00e9tricos.<\/p>\n","protected":false},"featured_media":2338,"comment_status":"open","ping_status":"closed","template":"","meta":[],"product_cat":[45,516],"product_tag":[539,615,635,651],"acf":[],"_links":{"self":[{"href":"http:\/\/www.locacaodemaquinas.com.br\/site\/wp-json\/wp\/v2\/product\/2336"}],"collection":[{"href":"http:\/\/www.locacaodemaquinas.com.br\/site\/wp-json\/wp\/v2\/product"}],"about":[{"href":"http:\/\/www.locacaodemaquinas.com.br\/site\/wp-json\/wp\/v2\/types\/product"}],"replies":[{"embeddable":true,"href":"http:\/\/www.locacaodemaquinas.com.br\/site\/wp-json\/wp\/v2\/comments?post=2336"}],"wp:featuredmedia":[{"embeddable":true,"href":"http:\/\/www.locacaodemaquinas.com.br\/site\/wp-json\/wp\/v2\/media\/2338"}],"wp:attachment":[{"href":"http:\/\/www.locacaodemaquinas.com.br\/site\/wp-json\/wp\/v2\/media?parent=2336"}],"wp:term":[{"taxonomy":"product_cat","embeddable":true,"href":"http:\/\/www.locacaodemaquinas.com.br\/site\/wp-json\/wp\/v2\/product_cat?post=2336"},{"taxonomy":"product_tag","embeddable":true,"href":"http:\/\/www.locacaodemaquinas.com.br\/site\/wp-json\/wp\/v2\/product_tag?post=2336"}],"curies":[{"name":"wp","href":"https:\/\/api.w.org\/{rel}","templated":true}]}}