{"id":2363,"date":"2022-07-13T11:11:36","date_gmt":"2022-07-13T14:11:36","guid":{"rendered":"http:\/\/www.locacaodemaquinas.com.br\/site\/?post_type=product&#038;p=2363"},"modified":"2022-07-14T11:12:38","modified_gmt":"2022-07-14T14:12:38","slug":"tesoura-bel-jardim-ts-180-trapp","status":"publish","type":"product","link":"http:\/\/www.locacaodemaquinas.com.br\/site\/loja\/venda\/jardinagem-compras\/tesoura-bel-jardim-ts-180-trapp\/","title":{"rendered":"Tesoura Bel Jardim TS 180 &#8211; Trapp"},"content":{"rendered":"<p><strong>Aplica\u00e7\u00e3o<\/strong><br \/>\nCortar grama e fazer acabamentos junto a cal\u00e7adas e muros.<\/p>\n","protected":false},"excerpt":{"rendered":"<p>Acabamento: Todas as pe\u00e7as met\u00e1licas recebem tratamento anticorrosivo e pintura com tinta a p\u00f3 de poli\u00e9ster polimerizado em estufa a 220 \u00b0C, garantindo maior durabilidade e acabamento.<\/p>\n<p>O formato anat\u00f4mico do cabo proporciona muito mais firmeza, conforto e seguran\u00e7a, permitindo seu uso prolongado com toda efici\u00eancia.<\/p>\n<p>O sistema de l\u00e2minas autoafi\u00e1veis elimina a necessidade de afiar.<\/p>\n<p>Exclusivo sistema girat\u00f3rio das l\u00e2minas permite o ajuste em 9 posi\u00e7\u00f5es diferentes de 0 a 180\u00b0.<\/p>\n","protected":false},"featured_media":2364,"comment_status":"open","ping_status":"closed","template":"","meta":[],"product_cat":[45,518],"product_tag":[679,678,411,341,336,658,340],"acf":[],"_links":{"self":[{"href":"http:\/\/www.locacaodemaquinas.com.br\/site\/wp-json\/wp\/v2\/product\/2363"}],"collection":[{"href":"http:\/\/www.locacaodemaquinas.com.br\/site\/wp-json\/wp\/v2\/product"}],"about":[{"href":"http:\/\/www.locacaodemaquinas.com.br\/site\/wp-json\/wp\/v2\/types\/product"}],"replies":[{"embeddable":true,"href":"http:\/\/www.locacaodemaquinas.com.br\/site\/wp-json\/wp\/v2\/comments?post=2363"}],"wp:featuredmedia":[{"embeddable":true,"href":"http:\/\/www.locacaodemaquinas.com.br\/site\/wp-json\/wp\/v2\/media\/2364"}],"wp:attachment":[{"href":"http:\/\/www.locacaodemaquinas.com.br\/site\/wp-json\/wp\/v2\/media?parent=2363"}],"wp:term":[{"taxonomy":"product_cat","embeddable":true,"href":"http:\/\/www.locacaodemaquinas.com.br\/site\/wp-json\/wp\/v2\/product_cat?post=2363"},{"taxonomy":"product_tag","embeddable":true,"href":"http:\/\/www.locacaodemaquinas.com.br\/site\/wp-json\/wp\/v2\/product_tag?post=2363"}],"curies":[{"name":"wp","href":"https:\/\/api.w.org\/{rel}","templated":true}]}}