{"id":2368,"date":"2022-07-13T11:59:02","date_gmt":"2022-07-13T14:59:02","guid":{"rendered":"http:\/\/www.locacaodemaquinas.com.br\/site\/?post_type=product&#038;p=2368"},"modified":"2023-01-30T10:56:14","modified_gmt":"2023-01-30T13:56:14","slug":"tesoura-para-colheita-e-desbaste-em-aco-forjado-ts-3124-trapp","status":"publish","type":"product","link":"http:\/\/www.locacaodemaquinas.com.br\/site\/loja\/venda\/ferramentas-manuais\/tesoura-para-colheita-e-desbaste-em-aco-forjado-ts-3124-trapp\/","title":{"rendered":"Tesoura para Colheita e Desbaste em A\u00e7o Forjado TS 3124 &#8211; Trapp"},"content":{"rendered":"<p><strong>Aplica\u00e7\u00e3o<\/strong><br \/>\nIdeal para colher frutas, brotos, flores e vegetais.<\/p>\n","protected":false},"excerpt":{"rendered":"<p>Capacidade de corte: \u00d86 mm.<\/p>\n<p>Fabricada em a\u00e7o forjado, total tratamento t\u00e9rmico e acabamento polido.<\/p>\n<p>Cabo anat\u00f4mico com pinhos revestidos em vinil antideslizantes.<\/p>\n<p>Trava de seguran\u00e7a para manter a tesoura fechada.<\/p>\n","protected":false},"featured_media":2394,"comment_status":"open","ping_status":"closed","template":"","meta":[],"product_cat":[45,515,518],"product_tag":[661,658,659,660,340],"acf":[],"_links":{"self":[{"href":"http:\/\/www.locacaodemaquinas.com.br\/site\/wp-json\/wp\/v2\/product\/2368"}],"collection":[{"href":"http:\/\/www.locacaodemaquinas.com.br\/site\/wp-json\/wp\/v2\/product"}],"about":[{"href":"http:\/\/www.locacaodemaquinas.com.br\/site\/wp-json\/wp\/v2\/types\/product"}],"replies":[{"embeddable":true,"href":"http:\/\/www.locacaodemaquinas.com.br\/site\/wp-json\/wp\/v2\/comments?post=2368"}],"wp:featuredmedia":[{"embeddable":true,"href":"http:\/\/www.locacaodemaquinas.com.br\/site\/wp-json\/wp\/v2\/media\/2394"}],"wp:attachment":[{"href":"http:\/\/www.locacaodemaquinas.com.br\/site\/wp-json\/wp\/v2\/media?parent=2368"}],"wp:term":[{"taxonomy":"product_cat","embeddable":true,"href":"http:\/\/www.locacaodemaquinas.com.br\/site\/wp-json\/wp\/v2\/product_cat?post=2368"},{"taxonomy":"product_tag","embeddable":true,"href":"http:\/\/www.locacaodemaquinas.com.br\/site\/wp-json\/wp\/v2\/product_tag?post=2368"}],"curies":[{"name":"wp","href":"https:\/\/api.w.org\/{rel}","templated":true}]}}