{"id":2379,"date":"2022-07-13T12:58:07","date_gmt":"2022-07-13T15:58:07","guid":{"rendered":"http:\/\/www.locacaodemaquinas.com.br\/site\/?post_type=product&#038;p=2379"},"modified":"2022-07-14T11:11:08","modified_gmt":"2022-07-14T14:11:08","slug":"irrigador-giratorio-3-jatos-dy-1014-trapp","status":"publish","type":"product","link":"http:\/\/www.locacaodemaquinas.com.br\/site\/loja\/venda\/jardinagem-compras\/irrigador-giratorio-3-jatos-dy-1014-trapp\/","title":{"rendered":"Irrigador Girat\u00f3rio 3 Jatos DY 1014 &#8211; Trapp"},"content":{"rendered":"<p><strong>Aplica\u00e7\u00e3o<\/strong><br \/>\nIrriga\u00e7\u00e3o de gramados e jardins.<\/p>\n<p>&nbsp;<\/p>\n<p>Press\u00e3o (bar): 2 &#8211; \u00c1rea (m\u00b2): 30<br \/>\nPress\u00e3o (bar): 4 &#8211; \u00c1rea (m\u00b2): 92<br \/>\nPress\u00e3o (bar): 6 &#8211; \u00c1rea (m\u00b2): 100<\/p>\n","protected":false},"excerpt":{"rendered":"<p>Corpo de pl\u00e1stico refor\u00e7ado.<\/p>\n<p>Solu\u00e7\u00e3o pr\u00e1tica para o seu jardim.<\/p>\n<p>Movimenta-se pela pr\u00f3pria press\u00e3o da \u00e1gua.<\/p>\n<p>Aspers\u00e3o regul\u00e1vel dos jatos com um pequeno giro nas extremidades dos 3 bra\u00e7os.<\/p>\n<p>Haste com formato pr\u00f3prio para fixa\u00e7\u00e3o no solo.<\/p>\n","protected":false},"featured_media":2390,"comment_status":"open","ping_status":"closed","template":"","meta":[],"product_cat":[45,518],"product_tag":[675,676,677,340],"acf":[],"_links":{"self":[{"href":"http:\/\/www.locacaodemaquinas.com.br\/site\/wp-json\/wp\/v2\/product\/2379"}],"collection":[{"href":"http:\/\/www.locacaodemaquinas.com.br\/site\/wp-json\/wp\/v2\/product"}],"about":[{"href":"http:\/\/www.locacaodemaquinas.com.br\/site\/wp-json\/wp\/v2\/types\/product"}],"replies":[{"embeddable":true,"href":"http:\/\/www.locacaodemaquinas.com.br\/site\/wp-json\/wp\/v2\/comments?post=2379"}],"wp:featuredmedia":[{"embeddable":true,"href":"http:\/\/www.locacaodemaquinas.com.br\/site\/wp-json\/wp\/v2\/media\/2390"}],"wp:attachment":[{"href":"http:\/\/www.locacaodemaquinas.com.br\/site\/wp-json\/wp\/v2\/media?parent=2379"}],"wp:term":[{"taxonomy":"product_cat","embeddable":true,"href":"http:\/\/www.locacaodemaquinas.com.br\/site\/wp-json\/wp\/v2\/product_cat?post=2379"},{"taxonomy":"product_tag","embeddable":true,"href":"http:\/\/www.locacaodemaquinas.com.br\/site\/wp-json\/wp\/v2\/product_tag?post=2379"}],"curies":[{"name":"wp","href":"https:\/\/api.w.org\/{rel}","templated":true}]}}