{"id":2404,"date":"2022-07-14T17:23:45","date_gmt":"2022-07-14T20:23:45","guid":{"rendered":"http:\/\/www.locacaodemaquinas.com.br\/site\/?post_type=product&#038;p=2404"},"modified":"2022-07-15T11:00:36","modified_gmt":"2022-07-15T14:00:36","slug":"tesoura-de-poda-para-jardim-by-pass-ts-3144-205-cm-trapp","status":"publish","type":"product","link":"http:\/\/www.locacaodemaquinas.com.br\/site\/loja\/venda\/jardinagem-compras\/tesoura-de-poda-para-jardim-by-pass-ts-3144-205-cm-trapp\/","title":{"rendered":"Tesoura de Poda para Jardim By-pass TS 3144 (20,5 cm) &#8211; Trapp"},"content":{"rendered":"<p><strong>Aplica\u00e7\u00e3o<\/strong><br \/>\nIdeal para podar flores, folhagens e ramos de at\u00e9 1,8 cm de espessura.<\/p>\n","protected":false},"excerpt":{"rendered":"<p>Capacidade de corte: \u00d81,8 mm.<\/p>\n<p>L\u00e2mina superior de a\u00e7o alto carbono. L\u00e2mina inferior de a\u00e7o m\u00e9dio carbono cromado.<\/p>\n<p>Cabo anat\u00f4mico em nylon e fibra de vidro, com punhos recobertos de antideslizante suave.<\/p>\n<p>Trava de seguran\u00e7a para manter a tesoura fechada.<\/p>\n","protected":false},"featured_media":2416,"comment_status":"open","ping_status":"closed","template":"","meta":[],"product_cat":[45,518],"product_tag":[689,336,663,658,340],"acf":[],"_links":{"self":[{"href":"http:\/\/www.locacaodemaquinas.com.br\/site\/wp-json\/wp\/v2\/product\/2404"}],"collection":[{"href":"http:\/\/www.locacaodemaquinas.com.br\/site\/wp-json\/wp\/v2\/product"}],"about":[{"href":"http:\/\/www.locacaodemaquinas.com.br\/site\/wp-json\/wp\/v2\/types\/product"}],"replies":[{"embeddable":true,"href":"http:\/\/www.locacaodemaquinas.com.br\/site\/wp-json\/wp\/v2\/comments?post=2404"}],"wp:featuredmedia":[{"embeddable":true,"href":"http:\/\/www.locacaodemaquinas.com.br\/site\/wp-json\/wp\/v2\/media\/2416"}],"wp:attachment":[{"href":"http:\/\/www.locacaodemaquinas.com.br\/site\/wp-json\/wp\/v2\/media?parent=2404"}],"wp:term":[{"taxonomy":"product_cat","embeddable":true,"href":"http:\/\/www.locacaodemaquinas.com.br\/site\/wp-json\/wp\/v2\/product_cat?post=2404"},{"taxonomy":"product_tag","embeddable":true,"href":"http:\/\/www.locacaodemaquinas.com.br\/site\/wp-json\/wp\/v2\/product_tag?post=2404"}],"curies":[{"name":"wp","href":"https:\/\/api.w.org\/{rel}","templated":true}]}}