{"id":2407,"date":"2022-07-14T17:59:06","date_gmt":"2022-07-14T20:59:06","guid":{"rendered":"http:\/\/www.locacaodemaquinas.com.br\/site\/?post_type=product&#038;p=2407"},"modified":"2022-07-15T10:59:02","modified_gmt":"2022-07-15T13:59:02","slug":"tesoura-multiuso-ts-3154-2-185-cm-trapp","status":"publish","type":"product","link":"http:\/\/www.locacaodemaquinas.com.br\/site\/loja\/venda\/jardinagem-compras\/tesoura-multiuso-ts-3154-2-185-cm-trapp\/","title":{"rendered":"Tesoura Multiuso TS 3154-2 (18,5 cm) &#8211; Trapp"},"content":{"rendered":"<p><strong>Aplica\u00e7\u00e3o<\/strong><br \/>\nIdeal para cortar flores, folhagens, papel e outros materiais.<\/p>\n","protected":false},"excerpt":{"rendered":"<p>Capacidade de corte: \u00d83 mm.<\/p>\n<p>Cabo anat\u00f4mico com punhos suaves, revestidos de antideslizante (pl\u00e1stico macio TPR).<\/p>\n<p>L\u00e2minas de a\u00e7o carbono refor\u00e7ado, cobertas com cromo duro.<\/p>\n<p>Permite utiliza\u00e7\u00e3o para destros e canhotos.<\/p>\n<p>Acompanha capa de prote\u00e7\u00e3o para l\u00e2mina.<\/p>\n<p>Cores: Amarela, azul, prata, preta e vermelha. VERIFICAR<\/p>\n","protected":false},"featured_media":2417,"comment_status":"open","ping_status":"closed","template":"","meta":[],"product_cat":[45,518],"product_tag":[336,663,693,658,692,340],"acf":[],"_links":{"self":[{"href":"http:\/\/www.locacaodemaquinas.com.br\/site\/wp-json\/wp\/v2\/product\/2407"}],"collection":[{"href":"http:\/\/www.locacaodemaquinas.com.br\/site\/wp-json\/wp\/v2\/product"}],"about":[{"href":"http:\/\/www.locacaodemaquinas.com.br\/site\/wp-json\/wp\/v2\/types\/product"}],"replies":[{"embeddable":true,"href":"http:\/\/www.locacaodemaquinas.com.br\/site\/wp-json\/wp\/v2\/comments?post=2407"}],"wp:featuredmedia":[{"embeddable":true,"href":"http:\/\/www.locacaodemaquinas.com.br\/site\/wp-json\/wp\/v2\/media\/2417"}],"wp:attachment":[{"href":"http:\/\/www.locacaodemaquinas.com.br\/site\/wp-json\/wp\/v2\/media?parent=2407"}],"wp:term":[{"taxonomy":"product_cat","embeddable":true,"href":"http:\/\/www.locacaodemaquinas.com.br\/site\/wp-json\/wp\/v2\/product_cat?post=2407"},{"taxonomy":"product_tag","embeddable":true,"href":"http:\/\/www.locacaodemaquinas.com.br\/site\/wp-json\/wp\/v2\/product_tag?post=2407"}],"curies":[{"name":"wp","href":"https:\/\/api.w.org\/{rel}","templated":true}]}}

<p><strong>Aplicação</strong><br />
Ideal para cortar flores, folhagens, papel e outros materiais.</p>

<p>Capacidade de corte: Ø3 mm.</p>
<p>Cabo anatômico com punhos suaves, revestidos de antideslizante (plástico macio TPR).</p>
<p>Lâminas de aço carbono reforçado, cobertas com cromo duro.</p>
<p>Permite utilização para destros e canhotos.</p>
<p>Acompanha capa de proteção para lâmina.</p>
<p>Cores: Amarela, azul, prata, preta e vermelha. VERIFICAR</p>
