{"id":2435,"date":"2022-07-15T17:56:39","date_gmt":"2022-07-15T20:56:39","guid":{"rendered":"http:\/\/www.locacaodemaquinas.com.br\/site\/?post_type=product&#038;p=2435"},"modified":"2023-01-26T13:03:27","modified_gmt":"2023-01-26T16:03:27","slug":"desempenadeira-eletrica-para-reboco-mde-220v-menegotti","status":"publish","type":"product","link":"http:\/\/www.locacaodemaquinas.com.br\/site\/loja\/venda\/ferramentas-eletricas\/desempenadeira-eletrica-para-reboco-mde-220v-menegotti\/","title":{"rendered":"Desempenadeira El\u00e9trica para Reboco MDE 220V &#8211; Menegotti"},"content":{"rendered":"<p><strong>Altamente ergon\u00f4mica, leve e eficaz.<\/strong><\/p>\n<p>\u2022 Ideal para quem busca por m\u00e9todos de constru\u00e7\u00e3o enxuta.<\/p>\n<p>\u2022 Possibilita um acabamento de melhor qualidade para superf\u00edcies que contenham cimento, concreto e pintura.<\/p>\n<p>\u2022 Alta tecnologia e efici\u00eancia dos produtos Menegotti, fazendo com o que as opera\u00e7\u00f5es realizadas sejam mais produtivas, convenientes, seguras e de qualidade.<\/p>\n","protected":false},"excerpt":{"rendered":"<p>Equipamento projetado para alisamento de reboco, atrav\u00e9s de seus discos de polipropileno, ferro e esponja, e para lixamento de paredes e tetos.<\/p>\n<p>Diferente do m\u00e9todo convencional, a desempenadeira n\u00e3o exp\u00f5e o operador ao esfor\u00e7o repetitivo.<\/p>\n","protected":false},"featured_media":2437,"comment_status":"open","ping_status":"closed","template":"","meta":[],"product_cat":[45,514],"product_tag":[696,260,393,697],"acf":[],"_links":{"self":[{"href":"http:\/\/www.locacaodemaquinas.com.br\/site\/wp-json\/wp\/v2\/product\/2435"}],"collection":[{"href":"http:\/\/www.locacaodemaquinas.com.br\/site\/wp-json\/wp\/v2\/product"}],"about":[{"href":"http:\/\/www.locacaodemaquinas.com.br\/site\/wp-json\/wp\/v2\/types\/product"}],"replies":[{"embeddable":true,"href":"http:\/\/www.locacaodemaquinas.com.br\/site\/wp-json\/wp\/v2\/comments?post=2435"}],"wp:featuredmedia":[{"embeddable":true,"href":"http:\/\/www.locacaodemaquinas.com.br\/site\/wp-json\/wp\/v2\/media\/2437"}],"wp:attachment":[{"href":"http:\/\/www.locacaodemaquinas.com.br\/site\/wp-json\/wp\/v2\/media?parent=2435"}],"wp:term":[{"taxonomy":"product_cat","embeddable":true,"href":"http:\/\/www.locacaodemaquinas.com.br\/site\/wp-json\/wp\/v2\/product_cat?post=2435"},{"taxonomy":"product_tag","embeddable":true,"href":"http:\/\/www.locacaodemaquinas.com.br\/site\/wp-json\/wp\/v2\/product_tag?post=2435"}],"curies":[{"name":"wp","href":"https:\/\/api.w.org\/{rel}","templated":true}]}}