{"id":2458,"date":"2022-07-19T09:48:57","date_gmt":"2022-07-19T12:48:57","guid":{"rendered":"http:\/\/www.locacaodemaquinas.com.br\/site\/?post_type=product&#038;p=2458"},"modified":"2025-09-11T17:21:18","modified_gmt":"2025-09-11T20:21:18","slug":"oleo-desengripante-300-ml-white-lub","status":"publish","type":"product","link":"http:\/\/www.locacaodemaquinas.com.br\/site\/loja\/venda\/lubrificacao\/oleo-desengripante-300-ml-white-lub\/","title":{"rendered":"\u00d3leo Desengripante Super 300 ml &#8211; White Lub"},"content":{"rendered":"<p><strong>No carro:<\/strong>\u00a0\u00e9 ideal para neutralizar qualquer sintoma de ferrugem que apare\u00e7a em seu carro, al\u00e9m de proteger as partes cromadas e todos os metais.<\/p>\n<p><strong>Em casa e no escrit\u00f3rio:<\/strong>\u00a0na conserva\u00e7\u00e3o de todos os aparelhos eletrodom\u00e9sticos, dobradi\u00e7as, fechaduras, trincos, pe\u00e7as de ferro ou de qualquer outro material oxid\u00e1vel. Solta com facilidade porcas e parafusos enferrujados.<\/p>\n<p><strong>No esporte e no lazer:<\/strong> O seu material de ca\u00e7a e pesca, a lancha a moto, a bicicleta, o skate, os patins a at\u00e9 o veloc\u00edpede estar\u00e3o sempre em condi\u00e7\u00f5es de uso imediato com aplica\u00e7\u00e3o de White Lub Super.<\/p>\n<p><strong>Na ind\u00fastria e na oficina:<\/strong>\u00a0na conserva\u00e7\u00e3o de todas as ferramentas e pe\u00e7as em geral. Sua ind\u00fastria ou oficina ficar\u00e1 livre da a\u00e7\u00e3o destruidora da ferrugem.<\/p>\n<p>&nbsp;<\/p>\n<h2 class=\"yikes-custom-woo-tab-title yikes-custom-woo-tab-title-modo-de-usar\">Modo de Usar<\/h2>\n<p>Pulverize a uma dist\u00e2ncia de cerca de 15 cm, dirigindo o jato aerossol para parte a ser tratada. Para desengripar partes pouco acess\u00edveis encaixe o tubo pl\u00e1stico (prolongador) que acompanha a embalagem no orif\u00edcio apropriado \u00e0 v\u00e1lvula de press\u00e3o e proceda a aplica\u00e7\u00e3o como descrito anteriormente.<\/p>\n<p>Aten\u00e7\u00e3o: n\u00e3o aplicar em material acr\u00edlico.<\/p>\n","protected":false},"excerpt":{"rendered":"<p><strong>DESENGRIPANTE E PROTETIVO<\/strong><br \/>\nProduto l\u00edder de mercado em seu segmento, possui uma formula\u00e7\u00e3o especial tendo como base o \u00e9ster et\u00edlico que lhe atribui propriedades \u00fanicas.<\/p>\n<p>Ap\u00f3s a aplica\u00e7\u00e3o cria uma pel\u00edcula protetora sobre as superf\u00edcies, protegendo contra ferrugem e oxida\u00e7\u00e3o.<\/p>\n<p>Seu poder de ader\u00eancia cria uma barreira perfeita contra a umidade.<\/p>\n<p>A a\u00e7\u00e3o penetrante foi especialmente elaborada para o produto desengripar com muita facilidade porcas e parafusos, reduzindo tempo, esfor\u00e7o e custo nas manuten\u00e7\u00f5es de m\u00e1quinas e equipamentos em geral.<\/p>\n<p>Desengripante com alto poder penetrante de r\u00e1pida a\u00e7\u00e3o.<\/p>\n<p>Age como antioxidante eliminando a \u00e1gua da superf\u00edcie.<\/p>\n<p>Forma um filme aderente, diminuindo o atrito e o desgaste entre as pe\u00e7as.<\/p>\n","protected":false},"featured_media":2466,"comment_status":"open","ping_status":"closed","template":"","meta":[],"product_cat":[45,520],"product_tag":[580,700,701,702],"acf":[],"_links":{"self":[{"href":"http:\/\/www.locacaodemaquinas.com.br\/site\/wp-json\/wp\/v2\/product\/2458"}],"collection":[{"href":"http:\/\/www.locacaodemaquinas.com.br\/site\/wp-json\/wp\/v2\/product"}],"about":[{"href":"http:\/\/www.locacaodemaquinas.com.br\/site\/wp-json\/wp\/v2\/types\/product"}],"replies":[{"embeddable":true,"href":"http:\/\/www.locacaodemaquinas.com.br\/site\/wp-json\/wp\/v2\/comments?post=2458"}],"wp:featuredmedia":[{"embeddable":true,"href":"http:\/\/www.locacaodemaquinas.com.br\/site\/wp-json\/wp\/v2\/media\/2466"}],"wp:attachment":[{"href":"http:\/\/www.locacaodemaquinas.com.br\/site\/wp-json\/wp\/v2\/media?parent=2458"}],"wp:term":[{"taxonomy":"product_cat","embeddable":true,"href":"http:\/\/www.locacaodemaquinas.com.br\/site\/wp-json\/wp\/v2\/product_cat?post=2458"},{"taxonomy":"product_tag","embeddable":true,"href":"http:\/\/www.locacaodemaquinas.com.br\/site\/wp-json\/wp\/v2\/product_tag?post=2458"}],"curies":[{"name":"wp","href":"https:\/\/api.w.org\/{rel}","templated":true}]}}