{"id":2523,"date":"2022-07-20T12:49:59","date_gmt":"2022-07-20T15:49:59","guid":{"rendered":"http:\/\/www.locacaodemaquinas.com.br\/site\/?post_type=product&#038;p=2523"},"modified":"2023-01-18T16:18:58","modified_gmt":"2023-01-18T19:18:58","slug":"luva-de-seguranca-super-orange-super-safety","status":"publish","type":"product","link":"http:\/\/www.locacaodemaquinas.com.br\/site\/loja\/venda\/seguranca\/luva-de-seguranca-super-orange-super-safety\/","title":{"rendered":"Luva de Seguran\u00e7a Super Orange &#8211; Super Safety"},"content":{"rendered":"<p>Luva\u00a0de\u00a0seguran\u00e7a, confeccionada em l\u00e1tex natural, revestida internamente com flocos de algod\u00e3o, antiderrapante tipo diamante na face palmar e pontas dos dedos, formato anat\u00f4mico.<\/p>\n<p>Norma aplic\u00e1vel: EN 388.<\/p>\n","protected":false},"excerpt":{"rendered":"<p>Luva\u00a0de\u00a0seguran\u00e7a, confeccionada em l\u00e1tex natural, revestida internamente com flocos de algod\u00e3o, antiderrapante tipo diamante na face palmar e pontas dos dedos, formato anat\u00f4mico.<\/p>\n<p>&nbsp;<\/p>\n","protected":false},"featured_media":2529,"comment_status":"open","ping_status":"closed","template":"","meta":[],"product_cat":[45,528],"product_tag":[707,711,729,728],"acf":[],"_links":{"self":[{"href":"http:\/\/www.locacaodemaquinas.com.br\/site\/wp-json\/wp\/v2\/product\/2523"}],"collection":[{"href":"http:\/\/www.locacaodemaquinas.com.br\/site\/wp-json\/wp\/v2\/product"}],"about":[{"href":"http:\/\/www.locacaodemaquinas.com.br\/site\/wp-json\/wp\/v2\/types\/product"}],"replies":[{"embeddable":true,"href":"http:\/\/www.locacaodemaquinas.com.br\/site\/wp-json\/wp\/v2\/comments?post=2523"}],"wp:featuredmedia":[{"embeddable":true,"href":"http:\/\/www.locacaodemaquinas.com.br\/site\/wp-json\/wp\/v2\/media\/2529"}],"wp:attachment":[{"href":"http:\/\/www.locacaodemaquinas.com.br\/site\/wp-json\/wp\/v2\/media?parent=2523"}],"wp:term":[{"taxonomy":"product_cat","embeddable":true,"href":"http:\/\/www.locacaodemaquinas.com.br\/site\/wp-json\/wp\/v2\/product_cat?post=2523"},{"taxonomy":"product_tag","embeddable":true,"href":"http:\/\/www.locacaodemaquinas.com.br\/site\/wp-json\/wp\/v2\/product_tag?post=2523"}],"curies":[{"name":"wp","href":"https:\/\/api.w.org\/{rel}","templated":true}]}}