{"id":2578,"date":"2022-07-21T11:51:06","date_gmt":"2022-07-21T14:51:06","guid":{"rendered":"http:\/\/www.locacaodemaquinas.com.br\/site\/?post_type=product&#038;p=2578"},"modified":"2022-07-21T11:51:06","modified_gmt":"2022-07-21T14:51:06","slug":"luva-de-vaqueta-com-dorso-remar","status":"publish","type":"product","link":"http:\/\/www.locacaodemaquinas.com.br\/site\/loja\/venda\/seguranca\/luva-de-vaqueta-com-dorso-remar\/","title":{"rendered":"Luva de Vaqueta com Dorso &#8211; Remar"},"content":{"rendered":"<p><strong>Aplica\u00e7\u00e3o:<\/strong>\u00a0Prote\u00e7\u00e3o para atividades que envolvam riscos ao usu\u00e1rio quanto \u00e0 abras\u00e3o e escoria\u00e7\u00f5es.<\/p>\n<p><strong>Varia\u00e7\u00e3o:\u00a0<\/strong>Punhos de 05 \u00e0 40 cent\u00edmetros.<\/p>\n<p><strong>Certificado de aprova\u00e7\u00e3o:\u00a0<\/strong>36.602<\/p>\n","protected":false},"excerpt":{"rendered":"<p>Luva de seguran\u00e7a modelo petroleira, confeccionada em vaqueta natural, com refor\u00e7o interno e tira de prote\u00e7\u00e3o, el\u00e1stico embutido no dorso, acabamento com vi\u00e9s. Costurada com linha de nylon ou algod\u00e3o.<\/p>\n","protected":false},"featured_media":0,"comment_status":"open","ping_status":"closed","template":"","meta":[],"product_cat":[45,528],"product_tag":[707,736,711,735],"acf":[],"_links":{"self":[{"href":"http:\/\/www.locacaodemaquinas.com.br\/site\/wp-json\/wp\/v2\/product\/2578"}],"collection":[{"href":"http:\/\/www.locacaodemaquinas.com.br\/site\/wp-json\/wp\/v2\/product"}],"about":[{"href":"http:\/\/www.locacaodemaquinas.com.br\/site\/wp-json\/wp\/v2\/types\/product"}],"replies":[{"embeddable":true,"href":"http:\/\/www.locacaodemaquinas.com.br\/site\/wp-json\/wp\/v2\/comments?post=2578"}],"wp:attachment":[{"href":"http:\/\/www.locacaodemaquinas.com.br\/site\/wp-json\/wp\/v2\/media?parent=2578"}],"wp:term":[{"taxonomy":"product_cat","embeddable":true,"href":"http:\/\/www.locacaodemaquinas.com.br\/site\/wp-json\/wp\/v2\/product_cat?post=2578"},{"taxonomy":"product_tag","embeddable":true,"href":"http:\/\/www.locacaodemaquinas.com.br\/site\/wp-json\/wp\/v2\/product_tag?post=2578"}],"curies":[{"name":"wp","href":"https:\/\/api.w.org\/{rel}","templated":true}]}}

<p><strong>Aplicação:</strong> Proteção para atividades que envolvam riscos ao usuário quanto à abrasão e escoriações.</p>
<p><strong>Variação: </strong>Punhos de 05 à 40 centímetros.</p>
<p><strong>Certificado de aprovação: </strong>36.602</p>

<p>Luva de segurança modelo petroleira, confeccionada em vaqueta natural, com reforço interno e tira de proteção, elástico embutido no dorso, acabamento com viés. Costurada com linha de nylon ou algodão.</p>
