{"id":2927,"date":"2022-09-09T10:43:18","date_gmt":"2022-09-09T13:43:18","guid":{"rendered":"http:\/\/www.locacaodemaquinas.com.br\/site\/?post_type=product&#038;p=2927"},"modified":"2022-09-09T10:48:17","modified_gmt":"2022-09-09T13:48:17","slug":"cortador-de-grama-a-bateria-rma-460-stihl","status":"publish","type":"product","link":"http:\/\/www.locacaodemaquinas.com.br\/site\/loja\/venda\/ferramentas-a-bateria\/cortador-de-grama-a-bateria-rma-460-stihl\/","title":{"rendered":"Cortador de Grama a Bateria RMA 460 &#8211; STIHL"},"content":{"rendered":"<h3>Itens de s\u00e9rie<\/h3>\n<div class=\"clear\"><\/div>\n<div class=\"show_all\">\n<ul class=\"configuration_list hide5\">\n<li>\n<div>\n<h5>Compartimento para bateria extra<\/h5>\n<p>Para transporte e armazenamento de uma segunda bateria. Bateria n\u00e3o conectada.<\/p>\n<\/div>\n<\/li>\n<li>\n<div>\n<h5>Haste dobr\u00e1vel<\/h5>\n<p>Haste dobr\u00e1vel para armazenamento do produto com economia de espa\u00e7o.<\/p>\n<\/div>\n<\/li>\n<li>\n<div>\n<h5>Modo Eco<\/h5>\n<p>Possibilita a otimiza\u00e7\u00e3o da energia da bateria.<\/p>\n<\/div>\n<\/li>\n<li>\n<div>\n<h5>Coletor de grama<\/h5>\n<p>Saco coletor t\u00eaxtil de 60 litros<\/p>\n<p>&nbsp;<\/p>\n<\/div>\n<p>&#8211; RMA 460 Cortador de grama a bateria (Bateria e carregador vendidos separadamente)<\/li>\n<\/ul>\n<\/div>\n<p>Obs: comercializado apenas na loja f\u00edsica.<\/p>\n","protected":false},"excerpt":{"rendered":"<h2>Robustez e durabilidade na manuten\u00e7\u00e3o do gramado<\/h2>\n<div class=\"tabs\">\n<div class=\"wrapper_content\">\n<div class=\"tabbody tabbody_large container_tab_1\">\n<div class=\"product-slider-wrapper\">Ideal para usu\u00e1rios ocasionais, o <b>novo cortador de grama a bateria STIHL RMA 460<\/b>\u00a0conta com design moderno e funcionalidades que facilitam a opera\u00e7\u00e3o. Oferece um corte de grama com recolhimento ao cesto, moagem ou descarte lateral. Possui o Modo ECO, que quando ativado reduz a rota\u00e7\u00e3o do motor el\u00e9trico, aumentando a efici\u00eancia do equipamento e a autonomia da bateria, e permitindo uma maior \u00e1rea de corte.<\/div>\n<\/div>\n<\/div>\n<\/div>\n","protected":false},"featured_media":2931,"comment_status":"open","ping_status":"closed","template":"","meta":[],"product_cat":[45,512],"product_tag":[300,664,341,339],"acf":[],"_links":{"self":[{"href":"http:\/\/www.locacaodemaquinas.com.br\/site\/wp-json\/wp\/v2\/product\/2927"}],"collection":[{"href":"http:\/\/www.locacaodemaquinas.com.br\/site\/wp-json\/wp\/v2\/product"}],"about":[{"href":"http:\/\/www.locacaodemaquinas.com.br\/site\/wp-json\/wp\/v2\/types\/product"}],"replies":[{"embeddable":true,"href":"http:\/\/www.locacaodemaquinas.com.br\/site\/wp-json\/wp\/v2\/comments?post=2927"}],"wp:featuredmedia":[{"embeddable":true,"href":"http:\/\/www.locacaodemaquinas.com.br\/site\/wp-json\/wp\/v2\/media\/2931"}],"wp:attachment":[{"href":"http:\/\/www.locacaodemaquinas.com.br\/site\/wp-json\/wp\/v2\/media?parent=2927"}],"wp:term":[{"taxonomy":"product_cat","embeddable":true,"href":"http:\/\/www.locacaodemaquinas.com.br\/site\/wp-json\/wp\/v2\/product_cat?post=2927"},{"taxonomy":"product_tag","embeddable":true,"href":"http:\/\/www.locacaodemaquinas.com.br\/site\/wp-json\/wp\/v2\/product_tag?post=2927"}],"curies":[{"name":"wp","href":"https:\/\/api.w.org\/{rel}","templated":true}]}}