{"id":2987,"date":"2022-09-23T17:09:39","date_gmt":"2022-09-23T20:09:39","guid":{"rendered":"http:\/\/www.locacaodemaquinas.com.br\/site\/?post_type=product&#038;p=2987"},"modified":"2022-09-24T11:00:56","modified_gmt":"2022-09-24T14:00:56","slug":"retificadeira-reta-1-4-450w-220v-dwe4887-dewalt","status":"publish","type":"product","link":"http:\/\/www.locacaodemaquinas.com.br\/site\/loja\/principais-marcas\/marca-dewalt\/retificadeira-reta-1-4-450w-220v-dwe4887-dewalt\/","title":{"rendered":"Retificadeira Reta 1\/4&#8243; 450W 220V DWE4887 &#8211; Dewalt"},"content":{"rendered":"<h3><strong>Caracter\u00edsticas<\/strong><\/h3>\n<p>&#8211; Empunhadura frontal emborrachada, garantindo mais conforto e estabilidade na m\u00e3o;<br \/>\n&#8211; Pin\u00e7as precisas;<br \/>\n&#8211; Interruptor com gatilho tipo alavanca;<br \/>\n&#8211; Fun\u00e7\u00e3o homem morto;<br \/>\n&#8211; Bloqueio contra acionamento acidental.<\/p>\n","protected":false},"excerpt":{"rendered":"<p>A Retificadeira 1\/4&#8243; DWE4887 da Dewalt \u00e9 ideal para desbastes e remo\u00e7\u00f5es em metais.<\/p>\n<p>Ideal para profissionais de ind\u00fastrias, oficinas, serralherias, ferramenteiros, entre outros<\/p>\n<p>&nbsp;<\/p>\n","protected":false},"featured_media":2993,"comment_status":"open","ping_status":"closed","template":"","meta":[],"product_cat":[342,347,45,514],"product_tag":[37,439,828,304],"acf":[],"_links":{"self":[{"href":"http:\/\/www.locacaodemaquinas.com.br\/site\/wp-json\/wp\/v2\/product\/2987"}],"collection":[{"href":"http:\/\/www.locacaodemaquinas.com.br\/site\/wp-json\/wp\/v2\/product"}],"about":[{"href":"http:\/\/www.locacaodemaquinas.com.br\/site\/wp-json\/wp\/v2\/types\/product"}],"replies":[{"embeddable":true,"href":"http:\/\/www.locacaodemaquinas.com.br\/site\/wp-json\/wp\/v2\/comments?post=2987"}],"wp:featuredmedia":[{"embeddable":true,"href":"http:\/\/www.locacaodemaquinas.com.br\/site\/wp-json\/wp\/v2\/media\/2993"}],"wp:attachment":[{"href":"http:\/\/www.locacaodemaquinas.com.br\/site\/wp-json\/wp\/v2\/media?parent=2987"}],"wp:term":[{"taxonomy":"product_cat","embeddable":true,"href":"http:\/\/www.locacaodemaquinas.com.br\/site\/wp-json\/wp\/v2\/product_cat?post=2987"},{"taxonomy":"product_tag","embeddable":true,"href":"http:\/\/www.locacaodemaquinas.com.br\/site\/wp-json\/wp\/v2\/product_tag?post=2987"}],"curies":[{"name":"wp","href":"https:\/\/api.w.org\/{rel}","templated":true}]}}