{"id":3001,"date":"2022-09-24T11:59:35","date_gmt":"2022-09-24T14:59:35","guid":{"rendered":"http:\/\/www.locacaodemaquinas.com.br\/site\/?post_type=product&#038;p=3001"},"modified":"2022-09-26T10:51:01","modified_gmt":"2022-09-26T13:51:01","slug":"chave-de-fenda-3-16-x-4-foxlux","status":"publish","type":"product","link":"http:\/\/www.locacaodemaquinas.com.br\/site\/loja\/venda\/ferramentas-manuais\/chave-de-fenda-3-16-x-4-foxlux\/","title":{"rendered":"Chave de Fenda 3\/16 x 4&#8243; &#8211; Foxlux"},"content":{"rendered":"<ul>\n<li class=\"p1\"><span class=\"s1\">Acabamento niquelado<\/span><\/li>\n<li class=\"p1\"><span class=\"s1\">Ponta imantada<\/span><\/li>\n<li class=\"p1\"><span class=\"s1\">Embalagem individual para<\/span><b>\u00a0<\/b><span class=\"s1\">exposi\u00e7\u00e3o do produto<\/span><\/li>\n<\/ul>\n","protected":false},"excerpt":{"rendered":"<p>As Chaves de Fenda da Foxlux possuem ponta imantada e s\u00e3o altamente resistentes \u00e0 impactos. O cabo \u00e9 refor\u00e7ado em PVC r\u00edgido transparente, injetado diretamente sobre a l\u00e2mina. Suas hastes em Cromo Van\u00e1dio em conjunto com o cabo de PVC garantem maior seguran\u00e7a e durabilidade.<\/p>\n","protected":false},"featured_media":3003,"comment_status":"open","ping_status":"closed","template":"","meta":[],"product_cat":[45,515],"product_tag":[829,831,832],"acf":[],"_links":{"self":[{"href":"http:\/\/www.locacaodemaquinas.com.br\/site\/wp-json\/wp\/v2\/product\/3001"}],"collection":[{"href":"http:\/\/www.locacaodemaquinas.com.br\/site\/wp-json\/wp\/v2\/product"}],"about":[{"href":"http:\/\/www.locacaodemaquinas.com.br\/site\/wp-json\/wp\/v2\/types\/product"}],"replies":[{"embeddable":true,"href":"http:\/\/www.locacaodemaquinas.com.br\/site\/wp-json\/wp\/v2\/comments?post=3001"}],"wp:featuredmedia":[{"embeddable":true,"href":"http:\/\/www.locacaodemaquinas.com.br\/site\/wp-json\/wp\/v2\/media\/3003"}],"wp:attachment":[{"href":"http:\/\/www.locacaodemaquinas.com.br\/site\/wp-json\/wp\/v2\/media?parent=3001"}],"wp:term":[{"taxonomy":"product_cat","embeddable":true,"href":"http:\/\/www.locacaodemaquinas.com.br\/site\/wp-json\/wp\/v2\/product_cat?post=3001"},{"taxonomy":"product_tag","embeddable":true,"href":"http:\/\/www.locacaodemaquinas.com.br\/site\/wp-json\/wp\/v2\/product_tag?post=3001"}],"curies":[{"name":"wp","href":"https:\/\/api.w.org\/{rel}","templated":true}]}}

<ul>
<li class="p1"><span class="s1">Acabamento niquelado</span></li>
<li class="p1"><span class="s1">Ponta imantada</span></li>
<li class="p1"><span class="s1">Embalagem individual para</span><b> </b><span class="s1">exposição do produto</span></li>
</ul>

<p>As Chaves de Fenda da Foxlux possuem ponta imantada e são altamente resistentes à impactos. O cabo é reforçado em PVC rígido transparente, injetado diretamente sobre a lâmina. Suas hastes em Cromo Vanádio em conjunto com o cabo de PVC garantem maior segurança e durabilidade.</p>
