{"id":3111,"date":"2022-09-30T10:48:11","date_gmt":"2022-09-30T13:48:11","guid":{"rendered":"http:\/\/www.locacaodemaquinas.com.br\/site\/?post_type=product&#038;p=3111"},"modified":"2023-01-19T11:23:57","modified_gmt":"2023-01-19T14:23:57","slug":"cabecote-de-corte-trimcut-c-42-2-stihl","status":"publish","type":"product","link":"http:\/\/www.locacaodemaquinas.com.br\/site\/loja\/principais-marcas\/marca-stihl\/cabecote-de-corte-trimcut-c-42-2-stihl\/","title":{"rendered":"Cabe\u00e7ote De Corte Trimcut C 42-2 &#8211; STIHL"},"content":{"rendered":"<p>Novo cabe\u00e7ote de corte TrimCut C 42-2 conta com atributos que proporcionam praticidade e conforto:<br \/>\nAbastecimento externo do fio de corte (atributo de conforto &#8220;C&#8221;)<br \/>\nRedu\u00e7\u00e3o de vibra\u00e7\u00f5es<\/p>\n","protected":false},"excerpt":{"rendered":"<p>Aplica\u00e7\u00e3o: \u00a0FS160 \/ FS220 \/ FS290 \/ FS300 \/ FS350 \/ FS380 \/ FS460<\/p>\n","protected":false},"featured_media":3112,"comment_status":"open","ping_status":"closed","template":"","meta":[],"product_cat":[342,343,45,525],"product_tag":[869,365,364],"acf":[],"_links":{"self":[{"href":"http:\/\/www.locacaodemaquinas.com.br\/site\/wp-json\/wp\/v2\/product\/3111"}],"collection":[{"href":"http:\/\/www.locacaodemaquinas.com.br\/site\/wp-json\/wp\/v2\/product"}],"about":[{"href":"http:\/\/www.locacaodemaquinas.com.br\/site\/wp-json\/wp\/v2\/types\/product"}],"replies":[{"embeddable":true,"href":"http:\/\/www.locacaodemaquinas.com.br\/site\/wp-json\/wp\/v2\/comments?post=3111"}],"wp:featuredmedia":[{"embeddable":true,"href":"http:\/\/www.locacaodemaquinas.com.br\/site\/wp-json\/wp\/v2\/media\/3112"}],"wp:attachment":[{"href":"http:\/\/www.locacaodemaquinas.com.br\/site\/wp-json\/wp\/v2\/media?parent=3111"}],"wp:term":[{"taxonomy":"product_cat","embeddable":true,"href":"http:\/\/www.locacaodemaquinas.com.br\/site\/wp-json\/wp\/v2\/product_cat?post=3111"},{"taxonomy":"product_tag","embeddable":true,"href":"http:\/\/www.locacaodemaquinas.com.br\/site\/wp-json\/wp\/v2\/product_tag?post=3111"}],"curies":[{"name":"wp","href":"https:\/\/api.w.org\/{rel}","templated":true}]}}