{"id":3293,"date":"2023-01-19T10:29:13","date_gmt":"2023-01-19T13:29:13","guid":{"rendered":"http:\/\/www.locacaodemaquinas.com.br\/site\/?post_type=product&#038;p=3293"},"modified":"2023-01-19T10:29:14","modified_gmt":"2023-01-19T13:29:14","slug":"bomba-pedal-mini-com-manometro-starfer","status":"publish","type":"product","link":"http:\/\/www.locacaodemaquinas.com.br\/site\/loja\/venda\/bombas\/bomba-pedal-mini-com-manometro-starfer\/","title":{"rendered":"Bomba Pedal Mini com Man\u00f4metro &#8211; Starfer"},"content":{"rendered":"","protected":false},"excerpt":{"rendered":"<p>Bomba manual com pedal para pneu de bicicleta com man\u00f4metro. Corpo e base em a\u00e7o, bico duplo e pedal em pl\u00e1stico, mangueira em polipropileno. Medidas: 180mm de altura e 45mm de di\u00e2metro. Indicado para enchimento de pneus lever. Capacidade: 100PSI (7BAR). Com embalagem auto-servi\u00e7o.<\/p>\n","protected":false},"featured_media":3295,"comment_status":"open","ping_status":"closed","template":"","meta":[],"product_cat":[45,510],"product_tag":[900,898,899],"acf":[],"_links":{"self":[{"href":"http:\/\/www.locacaodemaquinas.com.br\/site\/wp-json\/wp\/v2\/product\/3293"}],"collection":[{"href":"http:\/\/www.locacaodemaquinas.com.br\/site\/wp-json\/wp\/v2\/product"}],"about":[{"href":"http:\/\/www.locacaodemaquinas.com.br\/site\/wp-json\/wp\/v2\/types\/product"}],"replies":[{"embeddable":true,"href":"http:\/\/www.locacaodemaquinas.com.br\/site\/wp-json\/wp\/v2\/comments?post=3293"}],"wp:featuredmedia":[{"embeddable":true,"href":"http:\/\/www.locacaodemaquinas.com.br\/site\/wp-json\/wp\/v2\/media\/3295"}],"wp:attachment":[{"href":"http:\/\/www.locacaodemaquinas.com.br\/site\/wp-json\/wp\/v2\/media?parent=3293"}],"wp:term":[{"taxonomy":"product_cat","embeddable":true,"href":"http:\/\/www.locacaodemaquinas.com.br\/site\/wp-json\/wp\/v2\/product_cat?post=3293"},{"taxonomy":"product_tag","embeddable":true,"href":"http:\/\/www.locacaodemaquinas.com.br\/site\/wp-json\/wp\/v2\/product_tag?post=3293"}],"curies":[{"name":"wp","href":"https:\/\/api.w.org\/{rel}","templated":true}]}}