{"id":3321,"date":"2023-01-20T17:12:23","date_gmt":"2023-01-20T20:12:23","guid":{"rendered":"http:\/\/www.locacaodemaquinas.com.br\/site\/?post_type=product&#038;p=3321"},"modified":"2024-04-18T16:50:37","modified_gmt":"2024-04-18T19:50:37","slug":"motosserra-a-bateria-msa-120-c-b-stihl","status":"publish","type":"product","link":"http:\/\/www.locacaodemaquinas.com.br\/site\/loja\/venda\/ferramentas-a-bateria\/motosserra-a-bateria-msa-120-c-b-stihl\/","title":{"rendered":"Motosserra a Bateria MSA 120 C-B &#8211; STIHL"},"content":{"rendered":"","protected":false},"excerpt":{"rendered":"<h2>Ideal para corte de madeira para lenha, pequenas manuten\u00e7\u00f5es e carpintaria ocasional<\/h2>\n<p>A<b>\u00a0motosserra a bateria STIHL MSA 120 C-B\u00a0<\/b>\u00e9 excepcionalmente leve, ergon\u00f4mica e de f\u00e1cil manuseio, ideal para corte de madeira para lenha, pequenas manuten\u00e7\u00f5es e carpintaria ocasional. Possui tensionamento r\u00e1pido e pr\u00e1tico da corrente, n\u00e3o havendo necessidade de utilizar ferramenta. Seu baixo ru\u00eddo possibilita ser operada sem protetor auricular.<\/p>\n","protected":false},"featured_media":3344,"comment_status":"open","ping_status":"closed","template":"","meta":[],"product_cat":[45,512],"product_tag":[300,368,364],"acf":[],"_links":{"self":[{"href":"http:\/\/www.locacaodemaquinas.com.br\/site\/wp-json\/wp\/v2\/product\/3321"}],"collection":[{"href":"http:\/\/www.locacaodemaquinas.com.br\/site\/wp-json\/wp\/v2\/product"}],"about":[{"href":"http:\/\/www.locacaodemaquinas.com.br\/site\/wp-json\/wp\/v2\/types\/product"}],"replies":[{"embeddable":true,"href":"http:\/\/www.locacaodemaquinas.com.br\/site\/wp-json\/wp\/v2\/comments?post=3321"}],"wp:featuredmedia":[{"embeddable":true,"href":"http:\/\/www.locacaodemaquinas.com.br\/site\/wp-json\/wp\/v2\/media\/3344"}],"wp:attachment":[{"href":"http:\/\/www.locacaodemaquinas.com.br\/site\/wp-json\/wp\/v2\/media?parent=3321"}],"wp:term":[{"taxonomy":"product_cat","embeddable":true,"href":"http:\/\/www.locacaodemaquinas.com.br\/site\/wp-json\/wp\/v2\/product_cat?post=3321"},{"taxonomy":"product_tag","embeddable":true,"href":"http:\/\/www.locacaodemaquinas.com.br\/site\/wp-json\/wp\/v2\/product_tag?post=3321"}],"curies":[{"name":"wp","href":"https:\/\/api.w.org\/{rel}","templated":true}]}}