{"id":3348,"date":"2023-01-23T17:14:10","date_gmt":"2023-01-23T20:14:10","guid":{"rendered":"http:\/\/www.locacaodemaquinas.com.br\/site\/?post_type=product&#038;p=3348"},"modified":"2023-01-24T09:00:44","modified_gmt":"2023-01-24T12:00:44","slug":"parafusadeira-furadeira-com-impacto-dcd776lc1-20v-max-ion-de-litio-carregador-bivolt-1-bateria-de-1-5ah-e-bolsa-dewalt","status":"publish","type":"product","link":"http:\/\/www.locacaodemaquinas.com.br\/site\/loja\/principais-marcas\/marca-dewalt\/parafusadeira-furadeira-com-impacto-dcd776lc1-20v-max-ion-de-litio-carregador-bivolt-1-bateria-de-1-5ah-e-bolsa-dewalt\/","title":{"rendered":"Parafusadeira\/Furadeira Com Impacto DCD776LC1 20V MAX* Ion de Litio, Carregador Bivolt, 1 Bateria de 1.5Ah e Bolsa &#8211; Dewalt"},"content":{"rendered":"","protected":false},"excerpt":{"rendered":"<div>Parafusadeira\/ Furadeira \u00e0 bateria 20V 1\/2&#8243; (13 mm) aperto r\u00e1pido que permite troca de acess\u00f3rios de forma r\u00e1pida. Gatilho eletr\u00f4nico com velocidade vari\u00e1vel e revers\u00edvel.<\/div>\n<div>Motor sem escovas (brushless) oferece um tempo de execu\u00e7\u00e3o at\u00e9 75% maior que o das ferramentas com escovas de nicad.<\/div>\n<div>Luz LED com 3 modos ilumina\u00e7\u00e3o para ambientes escuros, com luz at\u00e9 20 vezes mais potente que a do modelo anterior.<\/div>\n<div>Empunhadura emborrachada para maior controle e comodidade ao usu\u00e1rio.<\/div>\n<div>Caixa de engrenagens em alum\u00ednio que proporciona melhor dissipa\u00e7\u00e3o de calor e durabilidade em sua categoria durante as aplica\u00e7\u00f5es. Ideal para perfura\u00e7\u00e3o e parafusamento de alto desempenho em madeira, metal e pl\u00e1stico.<\/div>\n","protected":false},"featured_media":3354,"comment_status":"open","ping_status":"closed","template":"","meta":[],"product_cat":[347,45,512],"product_tag":[913,37,426,39],"acf":[],"_links":{"self":[{"href":"http:\/\/www.locacaodemaquinas.com.br\/site\/wp-json\/wp\/v2\/product\/3348"}],"collection":[{"href":"http:\/\/www.locacaodemaquinas.com.br\/site\/wp-json\/wp\/v2\/product"}],"about":[{"href":"http:\/\/www.locacaodemaquinas.com.br\/site\/wp-json\/wp\/v2\/types\/product"}],"replies":[{"embeddable":true,"href":"http:\/\/www.locacaodemaquinas.com.br\/site\/wp-json\/wp\/v2\/comments?post=3348"}],"wp:featuredmedia":[{"embeddable":true,"href":"http:\/\/www.locacaodemaquinas.com.br\/site\/wp-json\/wp\/v2\/media\/3354"}],"wp:attachment":[{"href":"http:\/\/www.locacaodemaquinas.com.br\/site\/wp-json\/wp\/v2\/media?parent=3348"}],"wp:term":[{"taxonomy":"product_cat","embeddable":true,"href":"http:\/\/www.locacaodemaquinas.com.br\/site\/wp-json\/wp\/v2\/product_cat?post=3348"},{"taxonomy":"product_tag","embeddable":true,"href":"http:\/\/www.locacaodemaquinas.com.br\/site\/wp-json\/wp\/v2\/product_tag?post=3348"}],"curies":[{"name":"wp","href":"https:\/\/api.w.org\/{rel}","templated":true}]}}