{"id":3412,"date":"2023-01-26T10:53:46","date_gmt":"2023-01-26T13:53:46","guid":{"rendered":"http:\/\/www.locacaodemaquinas.com.br\/site\/?post_type=product&#038;p=3412"},"modified":"2023-02-06T11:06:35","modified_gmt":"2023-02-06T14:06:35","slug":"esmerilhadeira-angular-profissional-9557hng-4-1-2-840w-makita","status":"publish","type":"product","link":"http:\/\/www.locacaodemaquinas.com.br\/site\/loja\/principais-marcas\/marca-makita\/esmerilhadeira-angular-profissional-9557hng-4-1-2-840w-makita\/","title":{"rendered":"Esmerilhadeira Angular Profissional 9557HNG 4.1\/2&#8243; 840W &#8211; Makita"},"content":{"rendered":"<p><strong>Caracter\u00edsticas:<\/strong><br \/>\nDupla isola\u00e7\u00e3o<br \/>\nGatilho deslizante<\/p>\n<p><strong>Especifica\u00e7\u00f5es:<br \/>\n<\/strong>C\u00f3digo: 9557HNG-110<br \/>\nPot\u00eancia : 840W<br \/>\nTens\u00e3o: 110V<br \/>\nDi\u00e2metro do disco: 115 mm<br \/>\nRota\u00e7\u00f5es por minuto : 11.000<br \/>\nDimens\u00f5es(C x L x A): 271 x 129 x 106 mm<br \/>\nPeso : 2kg<br \/>\nEmiss\u00e3o de vibra\u00e7\u00f5es: 7.5 m\/s\u00b2<br \/>\nIncerteza K: 1.5m\/s\u00b2<\/p>\n","protected":false},"excerpt":{"rendered":"<p>A esmerilhadeira possui muitas funcionalidades e pode ser extremamente \u00fatil para sua casa ou oficina. Ela serve para cortar diversos objetos, tais como: metais, materiais de constru\u00e7\u00e3o, madeira. Tamb\u00e9m \u00e9 muito utilizada para lixar e dar acabamento.<\/p>\n","protected":false},"featured_media":3416,"comment_status":"open","ping_status":"closed","template":"","meta":[],"product_cat":[344,45,514,522],"product_tag":[144,439,428],"acf":[],"_links":{"self":[{"href":"http:\/\/www.locacaodemaquinas.com.br\/site\/wp-json\/wp\/v2\/product\/3412"}],"collection":[{"href":"http:\/\/www.locacaodemaquinas.com.br\/site\/wp-json\/wp\/v2\/product"}],"about":[{"href":"http:\/\/www.locacaodemaquinas.com.br\/site\/wp-json\/wp\/v2\/types\/product"}],"replies":[{"embeddable":true,"href":"http:\/\/www.locacaodemaquinas.com.br\/site\/wp-json\/wp\/v2\/comments?post=3412"}],"wp:featuredmedia":[{"embeddable":true,"href":"http:\/\/www.locacaodemaquinas.com.br\/site\/wp-json\/wp\/v2\/media\/3416"}],"wp:attachment":[{"href":"http:\/\/www.locacaodemaquinas.com.br\/site\/wp-json\/wp\/v2\/media?parent=3412"}],"wp:term":[{"taxonomy":"product_cat","embeddable":true,"href":"http:\/\/www.locacaodemaquinas.com.br\/site\/wp-json\/wp\/v2\/product_cat?post=3412"},{"taxonomy":"product_tag","embeddable":true,"href":"http:\/\/www.locacaodemaquinas.com.br\/site\/wp-json\/wp\/v2\/product_tag?post=3412"}],"curies":[{"name":"wp","href":"https:\/\/api.w.org\/{rel}","templated":true}]}}