{"id":3436,"date":"2023-01-27T10:48:10","date_gmt":"2023-01-27T13:48:10","guid":{"rendered":"http:\/\/www.locacaodemaquinas.com.br\/site\/?post_type=product&#038;p=3436"},"modified":"2023-01-27T10:48:11","modified_gmt":"2023-01-27T13:48:11","slug":"martelo-de-borracha-branca-60-para-porcelanato-cabo-fibra-de-vidro-mtx","status":"publish","type":"product","link":"http:\/\/www.locacaodemaquinas.com.br\/site\/loja\/venda\/ferramentas-manuais\/martelo-de-borracha-branca-60-para-porcelanato-cabo-fibra-de-vidro-mtx\/","title":{"rendered":"Martelo de Borracha Branca 60 para Porcelanato Cabo Fibra de Vidro &#8211; MTX"},"content":{"rendered":"<p><strong>Caracter\u00edsticas<\/strong>:<\/p>\n<p>\u2022 Cabe\u00e7a de borracha: Branca;<br \/>\n\u2022 Dureza da ferramenta: 75 de acordo com escala Shore A.<br \/>\n\u2022\u00a0Cabo de fibra com revestimento em borracha termopl\u00e1stica.<\/p>\n<p><strong>Aplica\u00e7\u00e3o<\/strong><\/p>\n<p>\u2022\u00a0Pisos de porcelanato (N\u00e3o deixa res\u00edduos).<\/p>\n","protected":false},"excerpt":{"rendered":"<p>O martelo de borracha conta com cabo feito em fibra de vidro resistente \u00e0 solventes org\u00e2nicos, proporcionando o armazenamento da ferramenta em v\u00e1rias condi\u00e7\u00f5es;<br \/>\nPossui dureza 75 na escala Shore A, permitindo maior efici\u00eancia na utiliza\u00e7\u00e3o;<br \/>\nIndicado para aplica\u00e7\u00e3o de porcelanato, pois n\u00e3o deixa res\u00edduos;<\/p>\n","protected":false},"featured_media":3437,"comment_status":"open","ping_status":"closed","template":"","meta":[],"product_cat":[45,515],"product_tag":[837,547],"acf":[],"_links":{"self":[{"href":"http:\/\/www.locacaodemaquinas.com.br\/site\/wp-json\/wp\/v2\/product\/3436"}],"collection":[{"href":"http:\/\/www.locacaodemaquinas.com.br\/site\/wp-json\/wp\/v2\/product"}],"about":[{"href":"http:\/\/www.locacaodemaquinas.com.br\/site\/wp-json\/wp\/v2\/types\/product"}],"replies":[{"embeddable":true,"href":"http:\/\/www.locacaodemaquinas.com.br\/site\/wp-json\/wp\/v2\/comments?post=3436"}],"wp:featuredmedia":[{"embeddable":true,"href":"http:\/\/www.locacaodemaquinas.com.br\/site\/wp-json\/wp\/v2\/media\/3437"}],"wp:attachment":[{"href":"http:\/\/www.locacaodemaquinas.com.br\/site\/wp-json\/wp\/v2\/media?parent=3436"}],"wp:term":[{"taxonomy":"product_cat","embeddable":true,"href":"http:\/\/www.locacaodemaquinas.com.br\/site\/wp-json\/wp\/v2\/product_cat?post=3436"},{"taxonomy":"product_tag","embeddable":true,"href":"http:\/\/www.locacaodemaquinas.com.br\/site\/wp-json\/wp\/v2\/product_tag?post=3436"}],"curies":[{"name":"wp","href":"https:\/\/api.w.org\/{rel}","templated":true}]}}

<p><strong>Características</strong>:</p>
<p>• Cabeça de borracha: Branca;<br />
• Dureza da ferramenta: 75 de acordo com escala Shore A.<br />
• Cabo de fibra com revestimento em borracha termoplástica.</p>
<p><strong>Aplicação</strong></p>
<p>• Pisos de porcelanato (Não deixa resíduos).</p>

<p>O martelo de borracha conta com cabo feito em fibra de vidro resistente à solventes orgânicos, proporcionando o armazenamento da ferramenta em várias condições;<br />
Possui dureza 75 na escala Shore A, permitindo maior eficiência na utilização;<br />
Indicado para aplicação de porcelanato, pois não deixa resíduos;</p>
