{"id":3460,"date":"2023-01-31T10:32:17","date_gmt":"2023-01-31T13:32:17","guid":{"rendered":"http:\/\/www.locacaodemaquinas.com.br\/site\/?post_type=product&#038;p=3460"},"modified":"2023-01-31T10:47:35","modified_gmt":"2023-01-31T13:47:35","slug":"detergente-multiuso-concentrado-multi-1l-stihl","status":"publish","type":"product","link":"http:\/\/www.locacaodemaquinas.com.br\/site\/loja\/principais-marcas\/marca-stihl\/detergente-multiuso-concentrado-multi-1l-stihl\/","title":{"rendered":"Detergente Multiuso Concentrado Multi 1L &#8211; STIHL"},"content":{"rendered":"","protected":false},"excerpt":{"rendered":"<p>Altamente concentrado e biodegrad\u00e1vel, \u00e9 indicado para a limpeza profunda de \u00e1reas externas e internas. Pode ser utilizado em lavadora de alta press\u00e3o ou manualmente.<\/p>\n<p>Indica\u00e7\u00e3o:<\/p>\n<p>\u00b7 mesas<br \/>\n\u00b7 vidros<br \/>\n\u00b7 pl\u00e1sticos<br \/>\n\u00b7 superf\u00edcies met\u00e1licas<br \/>\n\u00b7 cromados<br \/>\n\u00b7 paredes<br \/>\n\u00b7 batentes divis\u00f3rias<br \/>\n\u00b7 pisos cer\u00e2micos<br \/>\n\u00b7 azulejos<br \/>\n\u00b7 cal\u00e7adas<br \/>\n\u00b7 superf\u00edcies lav\u00e1veis em geral<\/p>\n","protected":false},"featured_media":3462,"comment_status":"open","ping_status":"closed","template":"","meta":[],"product_cat":[343,45,519],"product_tag":[932,364],"acf":[],"_links":{"self":[{"href":"http:\/\/www.locacaodemaquinas.com.br\/site\/wp-json\/wp\/v2\/product\/3460"}],"collection":[{"href":"http:\/\/www.locacaodemaquinas.com.br\/site\/wp-json\/wp\/v2\/product"}],"about":[{"href":"http:\/\/www.locacaodemaquinas.com.br\/site\/wp-json\/wp\/v2\/types\/product"}],"replies":[{"embeddable":true,"href":"http:\/\/www.locacaodemaquinas.com.br\/site\/wp-json\/wp\/v2\/comments?post=3460"}],"wp:featuredmedia":[{"embeddable":true,"href":"http:\/\/www.locacaodemaquinas.com.br\/site\/wp-json\/wp\/v2\/media\/3462"}],"wp:attachment":[{"href":"http:\/\/www.locacaodemaquinas.com.br\/site\/wp-json\/wp\/v2\/media?parent=3460"}],"wp:term":[{"taxonomy":"product_cat","embeddable":true,"href":"http:\/\/www.locacaodemaquinas.com.br\/site\/wp-json\/wp\/v2\/product_cat?post=3460"},{"taxonomy":"product_tag","embeddable":true,"href":"http:\/\/www.locacaodemaquinas.com.br\/site\/wp-json\/wp\/v2\/product_tag?post=3460"}],"curies":[{"name":"wp","href":"https:\/\/api.w.org\/{rel}","templated":true}]}}