{"id":3472,"date":"2023-01-31T11:14:16","date_gmt":"2023-01-31T14:14:16","guid":{"rendered":"http:\/\/www.locacaodemaquinas.com.br\/site\/?post_type=product&#038;p=3472"},"modified":"2023-05-15T17:00:26","modified_gmt":"2023-05-15T20:00:26","slug":"lavadora-de-alta-pressao-re-80-x-stihl","status":"publish","type":"product","link":"http:\/\/www.locacaodemaquinas.com.br\/site\/loja\/principais-marcas\/marca-stihl\/lavadora-de-alta-pressao-re-80-x-stihl\/","title":{"rendered":"Lavadora de Alta Press\u00e3o RE 80 X &#8211; STIHL"},"content":{"rendered":"","protected":false},"excerpt":{"rendered":"<p>Leve e compacta, a nova lavadora de alta press\u00e3o STIHL RE 80 X \u00e9 um modelo de f\u00e1cil manuseio e transporte para qualquer lugar que voc\u00ea for. Ela conta com press\u00e3o m\u00e1xima de at\u00e9 120 bar, o que proporciona uma limpeza eficaz e completa dos ambientes dom\u00e9sticos.<\/p>\n","protected":false},"featured_media":3744,"comment_status":"open","ping_status":"closed","template":"","meta":[],"product_cat":[343,45,519],"product_tag":[363,364],"acf":[],"_links":{"self":[{"href":"http:\/\/www.locacaodemaquinas.com.br\/site\/wp-json\/wp\/v2\/product\/3472"}],"collection":[{"href":"http:\/\/www.locacaodemaquinas.com.br\/site\/wp-json\/wp\/v2\/product"}],"about":[{"href":"http:\/\/www.locacaodemaquinas.com.br\/site\/wp-json\/wp\/v2\/types\/product"}],"replies":[{"embeddable":true,"href":"http:\/\/www.locacaodemaquinas.com.br\/site\/wp-json\/wp\/v2\/comments?post=3472"}],"wp:featuredmedia":[{"embeddable":true,"href":"http:\/\/www.locacaodemaquinas.com.br\/site\/wp-json\/wp\/v2\/media\/3744"}],"wp:attachment":[{"href":"http:\/\/www.locacaodemaquinas.com.br\/site\/wp-json\/wp\/v2\/media?parent=3472"}],"wp:term":[{"taxonomy":"product_cat","embeddable":true,"href":"http:\/\/www.locacaodemaquinas.com.br\/site\/wp-json\/wp\/v2\/product_cat?post=3472"},{"taxonomy":"product_tag","embeddable":true,"href":"http:\/\/www.locacaodemaquinas.com.br\/site\/wp-json\/wp\/v2\/product_tag?post=3472"}],"curies":[{"name":"wp","href":"https:\/\/api.w.org\/{rel}","templated":true}]}}