{"id":3495,"date":"2023-02-01T11:11:13","date_gmt":"2023-02-01T14:11:13","guid":{"rendered":"http:\/\/www.locacaodemaquinas.com.br\/site\/?post_type=product&#038;p=3495"},"modified":"2023-02-01T12:26:36","modified_gmt":"2023-02-01T15:26:36","slug":"graxa-para-rocadeiras-80g-para-todos-os-modelos-de-rocadeiras-da-marca-stihl","status":"publish","type":"product","link":"http:\/\/www.locacaodemaquinas.com.br\/site\/loja\/venda\/lubrificacao\/graxa-para-rocadeiras-80g-para-todos-os-modelos-de-rocadeiras-da-marca-stihl\/","title":{"rendered":"Graxa para Ro\u00e7adeiras 80g para todos os modelos de ro\u00e7adeiras da marca &#8211; STIHL"},"content":{"rendered":"","protected":false},"excerpt":{"rendered":"<p>Graxa lubrificante para engrenagens de ro\u00e7adeiras STIHL. Tem como benef\u00edcios a lubrifica\u00e7\u00e3o na alta rota\u00e7\u00e3o, diminui\u00e7\u00e3o do atrito nas engrenagens e proporciona maior prote\u00e7\u00e3o contra corros\u00e3o dos componentes. Tem excelente poder de penetra\u00e7\u00e3o, juntamente com boas propriedades adesivas. \u00c9 resistente em altas temperaturas, mantendo a condi\u00e7\u00e3o ideal de lubrifica\u00e7\u00e3o.<br \/>\nC\u00f3digo:0781-120-1028<br \/>\nMarca: Stihl<\/p>\n","protected":false},"featured_media":3496,"comment_status":"open","ping_status":"closed","template":"","meta":[],"product_cat":[45,520],"product_tag":[586,364,934],"acf":[],"_links":{"self":[{"href":"http:\/\/www.locacaodemaquinas.com.br\/site\/wp-json\/wp\/v2\/product\/3495"}],"collection":[{"href":"http:\/\/www.locacaodemaquinas.com.br\/site\/wp-json\/wp\/v2\/product"}],"about":[{"href":"http:\/\/www.locacaodemaquinas.com.br\/site\/wp-json\/wp\/v2\/types\/product"}],"replies":[{"embeddable":true,"href":"http:\/\/www.locacaodemaquinas.com.br\/site\/wp-json\/wp\/v2\/comments?post=3495"}],"wp:featuredmedia":[{"embeddable":true,"href":"http:\/\/www.locacaodemaquinas.com.br\/site\/wp-json\/wp\/v2\/media\/3496"}],"wp:attachment":[{"href":"http:\/\/www.locacaodemaquinas.com.br\/site\/wp-json\/wp\/v2\/media?parent=3495"}],"wp:term":[{"taxonomy":"product_cat","embeddable":true,"href":"http:\/\/www.locacaodemaquinas.com.br\/site\/wp-json\/wp\/v2\/product_cat?post=3495"},{"taxonomy":"product_tag","embeddable":true,"href":"http:\/\/www.locacaodemaquinas.com.br\/site\/wp-json\/wp\/v2\/product_tag?post=3495"}],"curies":[{"name":"wp","href":"https:\/\/api.w.org\/{rel}","templated":true}]}}