{"id":3498,"date":"2023-02-01T12:25:45","date_gmt":"2023-02-01T15:25:45","guid":{"rendered":"http:\/\/www.locacaodemaquinas.com.br\/site\/?post_type=product&#038;p=3498"},"modified":"2023-02-01T15:25:04","modified_gmt":"2023-02-01T18:25:04","slug":"oleo-lubrificante-magnum-para-corrente-e-sabre-1l-castrol-stihl","status":"publish","type":"product","link":"http:\/\/www.locacaodemaquinas.com.br\/site\/loja\/venda\/lubrificacao\/oleo-lubrificante-magnum-para-corrente-e-sabre-1l-castrol-stihl\/","title":{"rendered":"\u00d3leo Lubrificante Magnum para Corrente e Sabre 1L Castrol \u2013 STIHL"},"content":{"rendered":"<p>Desenvolvido especialmente para lubrifica\u00e7\u00e3o de sabres e correntes de motosserras, possui propriedades de adesividade, antidesgaste e antigotejante que oferecem desempenho, prote\u00e7\u00e3o contra o desgaste causado por choques de cargas e resist\u00eancia \u00e0s condi\u00e7\u00f5es severas.<\/p>\n<p>O lubrificante forma uma pel\u00edcula no conjunto de corte do equipamento resistente durante a aplica\u00e7\u00e3o, assegurando prote\u00e7\u00e3o adequada e maior vida \u00fatil das partes met\u00e1licas (corrente\/sabre). Al\u00e9m disso, oferece economia e praticidade, pois mant\u00e9m as partes lubrificadas e evita o gotejamento involunt\u00e1rio do \u00f3leo. Recomendado para uso todos os tipos de motosserras. Dispon\u00edvel em embalagem de 1 litro.<\/p>\n","protected":false},"excerpt":{"rendered":"<p>Lubrificantes Magnum 1L STIHL<\/p>\n<p>Desenvolvido especialmente para lubrifica\u00e7\u00e3o de sabres e correntes de motosserras<\/p>\n","protected":false},"featured_media":3500,"comment_status":"open","ping_status":"closed","template":"","meta":[],"product_cat":[45,520],"product_tag":[576,935,364],"acf":[],"_links":{"self":[{"href":"http:\/\/www.locacaodemaquinas.com.br\/site\/wp-json\/wp\/v2\/product\/3498"}],"collection":[{"href":"http:\/\/www.locacaodemaquinas.com.br\/site\/wp-json\/wp\/v2\/product"}],"about":[{"href":"http:\/\/www.locacaodemaquinas.com.br\/site\/wp-json\/wp\/v2\/types\/product"}],"replies":[{"embeddable":true,"href":"http:\/\/www.locacaodemaquinas.com.br\/site\/wp-json\/wp\/v2\/comments?post=3498"}],"wp:featuredmedia":[{"embeddable":true,"href":"http:\/\/www.locacaodemaquinas.com.br\/site\/wp-json\/wp\/v2\/media\/3500"}],"wp:attachment":[{"href":"http:\/\/www.locacaodemaquinas.com.br\/site\/wp-json\/wp\/v2\/media?parent=3498"}],"wp:term":[{"taxonomy":"product_cat","embeddable":true,"href":"http:\/\/www.locacaodemaquinas.com.br\/site\/wp-json\/wp\/v2\/product_cat?post=3498"},{"taxonomy":"product_tag","embeddable":true,"href":"http:\/\/www.locacaodemaquinas.com.br\/site\/wp-json\/wp\/v2\/product_tag?post=3498"}],"curies":[{"name":"wp","href":"https:\/\/api.w.org\/{rel}","templated":true}]}}