{"id":3506,"date":"2023-02-02T09:11:57","date_gmt":"2023-02-02T12:11:57","guid":{"rendered":"http:\/\/www.locacaodemaquinas.com.br\/site\/?post_type=product&#038;p=3506"},"modified":"2023-02-02T09:38:51","modified_gmt":"2023-02-02T12:38:51","slug":"oleo-desengripante-spray-w-max-300ml-wurth","status":"publish","type":"product","link":"http:\/\/www.locacaodemaquinas.com.br\/site\/loja\/venda\/lubrificacao\/oleo-desengripante-spray-w-max-300ml-wurth\/","title":{"rendered":"\u00d3leo Desengripante Spray W-MAX 300ml &#8211; Wurth"},"content":{"rendered":"<div><strong>Caracter\u00edsticas:<\/strong><\/div>\n<div>Age por capilaridade, proporcionando elevado n\u00edvel de penetra\u00e7\u00e3o nas superf\u00edcies<\/div>\n<div>Grande capacidade de elimina\u00e7\u00e3o da corros\u00e3o, dispers\u00e3o de \u00e1gua, lubrifica\u00e7\u00e3o , prote\u00e7\u00e3o e limpeza<\/div>\n<div>Est\u00e1 isento de silicones, resinas e qualquer tipo de \u00e1cido<\/div>\n<div><\/div>\n<div><strong>Principais vantagens:<\/strong><\/div>\n<div>Grande poder de penetra\u00e7\u00e3o e capilaridade<\/div>\n<div>Desengripa pe\u00e7as met\u00e1licas enferrujadas<\/div>\n<div>Protege contra corros\u00e3o<\/div>\n<div>Limpa e protege superf\u00edcies pl\u00e1sticas, met\u00e1licas e equipamentos<\/div>\n<div>Elimina ru\u00eddos<\/div>\n<div>F\u00e1cil de aplicar, mesmo em locais de dif\u00edcil acesso.<\/div>\n","protected":false},"excerpt":{"rendered":"<p>Desengripante W-max atua antiferrugem e lubrificante com excelente performance, atuando onde h\u00e1 necessidade de lubrifica\u00e7\u00e3o e prote\u00e7\u00e3o contra efeito da oxida\u00e7\u00e3o (ferrugem), equipamentos e superf\u00edcies met\u00e1licas. Desprende com facilidade porcas e parafusos enferrujados.<\/p>\n","protected":false},"featured_media":3507,"comment_status":"open","ping_status":"closed","template":"","meta":[],"product_cat":[45,520],"product_tag":[580,937],"acf":[],"_links":{"self":[{"href":"http:\/\/www.locacaodemaquinas.com.br\/site\/wp-json\/wp\/v2\/product\/3506"}],"collection":[{"href":"http:\/\/www.locacaodemaquinas.com.br\/site\/wp-json\/wp\/v2\/product"}],"about":[{"href":"http:\/\/www.locacaodemaquinas.com.br\/site\/wp-json\/wp\/v2\/types\/product"}],"replies":[{"embeddable":true,"href":"http:\/\/www.locacaodemaquinas.com.br\/site\/wp-json\/wp\/v2\/comments?post=3506"}],"wp:featuredmedia":[{"embeddable":true,"href":"http:\/\/www.locacaodemaquinas.com.br\/site\/wp-json\/wp\/v2\/media\/3507"}],"wp:attachment":[{"href":"http:\/\/www.locacaodemaquinas.com.br\/site\/wp-json\/wp\/v2\/media?parent=3506"}],"wp:term":[{"taxonomy":"product_cat","embeddable":true,"href":"http:\/\/www.locacaodemaquinas.com.br\/site\/wp-json\/wp\/v2\/product_cat?post=3506"},{"taxonomy":"product_tag","embeddable":true,"href":"http:\/\/www.locacaodemaquinas.com.br\/site\/wp-json\/wp\/v2\/product_tag?post=3506"}],"curies":[{"name":"wp","href":"https:\/\/api.w.org\/{rel}","templated":true}]}}