{"id":3517,"date":"2023-02-06T09:55:36","date_gmt":"2023-02-06T12:55:36","guid":{"rendered":"http:\/\/www.locacaodemaquinas.com.br\/site\/?post_type=product&#038;p=3517"},"modified":"2023-02-06T10:03:29","modified_gmt":"2023-02-06T13:03:29","slug":"adaptador-para-engate-rapido-torneira-1-2-x-3-4-plastico-657208-palisad","status":"publish","type":"product","link":"http:\/\/www.locacaodemaquinas.com.br\/site\/loja\/venda\/mangueiras-e-acessorios\/adaptador-para-engate-rapido-torneira-1-2-x-3-4-plastico-657208-palisad\/","title":{"rendered":"Adaptador para Engate R\u00e1pido Torneira 1\/2&#8243; x 3\/4&#8243; Pl\u00e1stico 657208 &#8211; Palisad"},"content":{"rendered":"","protected":false},"excerpt":{"rendered":"<p><strong>Conector Pl\u00e1stico F\u00eamea para Engate R\u00e1pido com Bucha 1\/2&#8243; para 3\/4&#8243; &#8211; 657208 &#8211; PALISAD\u00a0<\/strong><\/p>\n<p><strong>Caracter\u00edsticas:<\/strong><br \/>\n&#8211; Estrutura em pl\u00e1stico ABS de alta resist\u00eancia<br \/>\n&#8211; Adaptador f\u00eamea<br \/>\n&#8211; Para coloca\u00e7\u00e3o em torneiras de jardim para utiliza\u00e7\u00e3o com engate r\u00e1pido<\/p>\n<p><strong>Medidas:<\/strong><br \/>\n&#8211; A: 70mm<br \/>\n&#8211; B: 110mm<br \/>\n&#8211; Peso: 17g<br \/>\n<img src=\"http:\/\/d365e82sgxmduv.cloudfront.net\/Custom\/Content\/Products\/16\/65\/1665533_9055-conector-plastico-femea-para-engate-rapido-com-bucha-1-2-para-3-4-657208-palisad-camping_s1_637384551397500611.jpg?t=417\" alt=\"\" \/><\/p>\n","protected":false},"featured_media":3518,"comment_status":"open","ping_status":"closed","template":"","meta":[],"product_cat":[45,521],"product_tag":[941,943,691],"acf":[],"_links":{"self":[{"href":"http:\/\/www.locacaodemaquinas.com.br\/site\/wp-json\/wp\/v2\/product\/3517"}],"collection":[{"href":"http:\/\/www.locacaodemaquinas.com.br\/site\/wp-json\/wp\/v2\/product"}],"about":[{"href":"http:\/\/www.locacaodemaquinas.com.br\/site\/wp-json\/wp\/v2\/types\/product"}],"replies":[{"embeddable":true,"href":"http:\/\/www.locacaodemaquinas.com.br\/site\/wp-json\/wp\/v2\/comments?post=3517"}],"wp:featuredmedia":[{"embeddable":true,"href":"http:\/\/www.locacaodemaquinas.com.br\/site\/wp-json\/wp\/v2\/media\/3518"}],"wp:attachment":[{"href":"http:\/\/www.locacaodemaquinas.com.br\/site\/wp-json\/wp\/v2\/media?parent=3517"}],"wp:term":[{"taxonomy":"product_cat","embeddable":true,"href":"http:\/\/www.locacaodemaquinas.com.br\/site\/wp-json\/wp\/v2\/product_cat?post=3517"},{"taxonomy":"product_tag","embeddable":true,"href":"http:\/\/www.locacaodemaquinas.com.br\/site\/wp-json\/wp\/v2\/product_tag?post=3517"}],"curies":[{"name":"wp","href":"https:\/\/api.w.org\/{rel}","templated":true}]}}