{"id":3524,"date":"2023-02-06T10:15:02","date_gmt":"2023-02-06T13:15:02","guid":{"rendered":"http:\/\/www.locacaodemaquinas.com.br\/site\/?post_type=product&#038;p=3524"},"modified":"2023-02-06T10:20:59","modified_gmt":"2023-02-06T13:20:59","slug":"emenda-para-mangueira-1-2-plastico-664358-palisad","status":"publish","type":"product","link":"http:\/\/www.locacaodemaquinas.com.br\/site\/loja\/venda\/mangueiras-e-acessorios\/emenda-para-mangueira-1-2-plastico-664358-palisad\/","title":{"rendered":"Emenda para Mangueira 1\/2&#8243; Pl\u00e1stico 664358 &#8211; Palisad"},"content":{"rendered":"<div><strong>Especifica\u00e7\u00f5es T\u00e9cnicas:<\/strong><\/div>\n<div><\/div>\n<div>Di\u00e2metro da Sa\u00edda: 1\/2&#8243;<\/div>\n<div>Comprimento da embalagem: 115mm<\/div>\n<div>Largura da embalagem: 70mm<\/div>\n<div>Altura da embalagem: 35mm<\/div>\n<div>Peso: 0,019kg<\/div>\n","protected":false},"excerpt":{"rendered":"<p>Conector projetado para estender o comprimento da mangueira, possui strutura em pl\u00e1stico ABS, utilizado para conex\u00f5es de mangueiras de jardim com passagem livre de \u00e1gua.<\/p>\n","protected":false},"featured_media":3525,"comment_status":"open","ping_status":"closed","template":"","meta":[],"product_cat":[45,521],"product_tag":[941,945,691],"acf":[],"_links":{"self":[{"href":"http:\/\/www.locacaodemaquinas.com.br\/site\/wp-json\/wp\/v2\/product\/3524"}],"collection":[{"href":"http:\/\/www.locacaodemaquinas.com.br\/site\/wp-json\/wp\/v2\/product"}],"about":[{"href":"http:\/\/www.locacaodemaquinas.com.br\/site\/wp-json\/wp\/v2\/types\/product"}],"replies":[{"embeddable":true,"href":"http:\/\/www.locacaodemaquinas.com.br\/site\/wp-json\/wp\/v2\/comments?post=3524"}],"wp:featuredmedia":[{"embeddable":true,"href":"http:\/\/www.locacaodemaquinas.com.br\/site\/wp-json\/wp\/v2\/media\/3525"}],"wp:attachment":[{"href":"http:\/\/www.locacaodemaquinas.com.br\/site\/wp-json\/wp\/v2\/media?parent=3524"}],"wp:term":[{"taxonomy":"product_cat","embeddable":true,"href":"http:\/\/www.locacaodemaquinas.com.br\/site\/wp-json\/wp\/v2\/product_cat?post=3524"},{"taxonomy":"product_tag","embeddable":true,"href":"http:\/\/www.locacaodemaquinas.com.br\/site\/wp-json\/wp\/v2\/product_tag?post=3524"}],"curies":[{"name":"wp","href":"https:\/\/api.w.org\/{rel}","templated":true}]}}