{"id":3549,"date":"2023-02-07T10:43:11","date_gmt":"2023-02-07T13:43:11","guid":{"rendered":"http:\/\/www.locacaodemaquinas.com.br\/site\/?post_type=product&#038;p=3549"},"modified":"2023-02-07T10:52:52","modified_gmt":"2023-02-07T13:52:52","slug":"trena-de-fibra-de-vidro-aberta-30m-lufkin","status":"publish","type":"product","link":"http:\/\/www.locacaodemaquinas.com.br\/site\/loja\/venda\/medicao\/trena-de-fibra-de-vidro-aberta-30m-lufkin\/","title":{"rendered":"Trena de Fibra de Vidro Aberta 30m &#8211; Lufkin"},"content":{"rendered":"<div><strong>Especifica\u00e7\u00f5es T\u00e9cnicas:<\/strong><\/div>\n<div><\/div>\n<div>Comprimento da fita: 30 metros<\/div>\n<div>Material da fita: Fibra de vidro<\/div>\n","protected":false},"excerpt":{"rendered":"<p>Trena com material resistente a alto impacto, n\u00e3o condutor de eletricidade, que proporciona maior seguran\u00e7a em trabalhos pr\u00f3ximos a redes el\u00e9tricas, com fita de fibra de vidro que possui uma camada protetora pl\u00e1stica de f\u00e1cil limpeza.<\/p>\n","protected":false},"featured_media":3550,"comment_status":"open","ping_status":"closed","template":"","meta":[],"product_cat":[45,524],"product_tag":[948,805],"acf":[],"_links":{"self":[{"href":"http:\/\/www.locacaodemaquinas.com.br\/site\/wp-json\/wp\/v2\/product\/3549"}],"collection":[{"href":"http:\/\/www.locacaodemaquinas.com.br\/site\/wp-json\/wp\/v2\/product"}],"about":[{"href":"http:\/\/www.locacaodemaquinas.com.br\/site\/wp-json\/wp\/v2\/types\/product"}],"replies":[{"embeddable":true,"href":"http:\/\/www.locacaodemaquinas.com.br\/site\/wp-json\/wp\/v2\/comments?post=3549"}],"wp:featuredmedia":[{"embeddable":true,"href":"http:\/\/www.locacaodemaquinas.com.br\/site\/wp-json\/wp\/v2\/media\/3550"}],"wp:attachment":[{"href":"http:\/\/www.locacaodemaquinas.com.br\/site\/wp-json\/wp\/v2\/media?parent=3549"}],"wp:term":[{"taxonomy":"product_cat","embeddable":true,"href":"http:\/\/www.locacaodemaquinas.com.br\/site\/wp-json\/wp\/v2\/product_cat?post=3549"},{"taxonomy":"product_tag","embeddable":true,"href":"http:\/\/www.locacaodemaquinas.com.br\/site\/wp-json\/wp\/v2\/product_tag?post=3549"}],"curies":[{"name":"wp","href":"https:\/\/api.w.org\/{rel}","templated":true}]}}

<div><strong>Especificações Técnicas:</strong></div>
<div></div>
<div>Comprimento da fita: 30 metros</div>
<div>Material da fita: Fibra de vidro</div>

<p>Trena com material resistente a alto impacto, não condutor de eletricidade, que proporciona maior segurança em trabalhos próximos a redes elétricas, com fita de fibra de vidro que possui uma camada protetora plástica de fácil limpeza.</p>
