{"id":3617,"date":"2023-02-17T10:56:09","date_gmt":"2023-02-17T13:56:09","guid":{"rendered":"http:\/\/www.locacaodemaquinas.com.br\/site\/?post_type=product&#038;p=3617"},"modified":"2023-02-18T09:56:39","modified_gmt":"2023-02-18T12:56:39","slug":"rolo-de-espuma-poliester-4cm-micro-1004-cabo-de-plastico-compel","status":"publish","type":"product","link":"http:\/\/www.locacaodemaquinas.com.br\/site\/loja\/venda\/pintura-e-linha-pneumatica\/rolo-de-espuma-poliester-4cm-micro-1004-cabo-de-plastico-compel\/","title":{"rendered":"Rolo de Espuma Poli\u00e9ster 4cm Micro 1004 Cabo de Pl\u00e1stico &#8211; Compel"},"content":{"rendered":"<p>MODO DE USO:<br \/>\nPrepare a superficie a ser pintada em seguida carregue o rolo com tinta sem deixar escorrer faca sempre movimentos em W&#8221;<\/p>\n<p>LIMPEZA E CONSERVA\u00c7\u00c3O:<br \/>\nApos o uso retirar o excesso do produto utilizado<br \/>\nTinta Esmalte ou oleo devem ser removidas conforme indicacoes do fabricante de tintas<br \/>\nAp\u00f3s a remo\u00e7\u00e3o do produto utilizado lave com agua corrente e sab\u00e3o<br \/>\nSecar a sombra e guardar em local seco e arejado<\/p>\n","protected":false},"excerpt":{"rendered":"<p>Ideal para L\u00e1tex PVA e Acr\u00edlica a base de agua Esmalte e Verniz<br \/>\nIndicado para Superf\u00edcies Extremamente Lisas<br \/>\nExcelente para uso em alvenarias madeira e metais<br \/>\nIdeal para trabalhos dom\u00e9sticos artesanais ou escolares<\/p>\n<p>INFORMA\u00c7\u00d5ES ADICIONAIS<br \/>\nCobertura uniforme Deslizamento suave<br \/>\nMobilidade e praticidade na aplica\u00e7\u00e3o de tinta reduz extremamente a forma\u00e7\u00e3o de respingos<\/p>\n","protected":false},"featured_media":3627,"comment_status":"open","ping_status":"closed","template":"","meta":[],"product_cat":[45,526],"product_tag":[933,41,951],"acf":[],"_links":{"self":[{"href":"http:\/\/www.locacaodemaquinas.com.br\/site\/wp-json\/wp\/v2\/product\/3617"}],"collection":[{"href":"http:\/\/www.locacaodemaquinas.com.br\/site\/wp-json\/wp\/v2\/product"}],"about":[{"href":"http:\/\/www.locacaodemaquinas.com.br\/site\/wp-json\/wp\/v2\/types\/product"}],"replies":[{"embeddable":true,"href":"http:\/\/www.locacaodemaquinas.com.br\/site\/wp-json\/wp\/v2\/comments?post=3617"}],"wp:featuredmedia":[{"embeddable":true,"href":"http:\/\/www.locacaodemaquinas.com.br\/site\/wp-json\/wp\/v2\/media\/3627"}],"wp:attachment":[{"href":"http:\/\/www.locacaodemaquinas.com.br\/site\/wp-json\/wp\/v2\/media?parent=3617"}],"wp:term":[{"taxonomy":"product_cat","embeddable":true,"href":"http:\/\/www.locacaodemaquinas.com.br\/site\/wp-json\/wp\/v2\/product_cat?post=3617"},{"taxonomy":"product_tag","embeddable":true,"href":"http:\/\/www.locacaodemaquinas.com.br\/site\/wp-json\/wp\/v2\/product_tag?post=3617"}],"curies":[{"name":"wp","href":"https:\/\/api.w.org\/{rel}","templated":true}]}}