{"id":3618,"date":"2023-02-17T10:57:20","date_gmt":"2023-02-17T13:57:20","guid":{"rendered":"http:\/\/www.locacaodemaquinas.com.br\/site\/?post_type=product&#038;p=3618"},"modified":"2023-02-18T09:51:34","modified_gmt":"2023-02-18T12:51:34","slug":"rolo-de-la-carneiro-sem-suporte-23cm-1223-compel","status":"publish","type":"product","link":"http:\/\/www.locacaodemaquinas.com.br\/site\/loja\/venda\/pintura-e-linha-pneumatica\/rolo-de-la-carneiro-sem-suporte-23cm-1223-compel\/","title":{"rendered":"Rolo de L\u00e3 Carneiro sem Suporte 23cm 1223 &#8211; Compel"},"content":{"rendered":"","protected":false},"excerpt":{"rendered":"<p>Especifica\u00e7\u00f5es do Produto:<\/p>\n<p>&#8211; L\u00e3 de Carneiro.<\/p>\n<p>&#8211; Medida: 23 cm.<\/p>\n<p>&#8211; Altura da L\u00e3: 22 mm<\/p>\n<p>&#8211; Manta fixada ao tubo de PP pelo processo de termofus\u00e3o.<\/p>\n<p>&nbsp;<\/p>\n<p>Indica\u00e7\u00f5es:<\/p>\n<p>&#8211; Ideal para L\u00e1tex, Esmalte e Acr\u00edlica a base de \u00e1gua.<\/p>\n<p>&#8211; Excelente para uso em alvenarias e madeiras.<\/p>\n<p>&#8211; Cobertura uniforme. Deslizamento suave.<\/p>\n<p>&#8211; Excelente reten\u00e7\u00e3o da tinta.<\/p>\n<p>&#8211; Mobilidade e praticidade na aplica\u00e7\u00e3o de tinta.<\/p>\n<p>&nbsp;<\/p>\n<p>Modo de Usar: Prepare a superf\u00edcie a ser pintada, em seguida carregue o rolo com tinta, sem deixar escorrer fa\u00e7a sempre movimentos em W&#8221; Limpeza e Conserva\u00e7\u00e3o: &#8211; Ap\u00f3s o uso, retirar o excesso do produto utilizado. &#8211; Ap\u00f3s a remo\u00e7\u00e3o do produto, lave com \u00e1gua corrente e sab\u00e3o. &#8211; Secar \u00e0 sombra e guardar em local seco e arejado. *imagens meramente ilustrativas *Todas as informa\u00e7\u00f5es divulgadas s\u00e3o de responsabilidade do Fabricante\/Fornecedor<\/p>\n","protected":false},"featured_media":3625,"comment_status":"open","ping_status":"closed","template":"","meta":[],"product_cat":[45,526],"product_tag":[933,41,951],"acf":[],"_links":{"self":[{"href":"http:\/\/www.locacaodemaquinas.com.br\/site\/wp-json\/wp\/v2\/product\/3618"}],"collection":[{"href":"http:\/\/www.locacaodemaquinas.com.br\/site\/wp-json\/wp\/v2\/product"}],"about":[{"href":"http:\/\/www.locacaodemaquinas.com.br\/site\/wp-json\/wp\/v2\/types\/product"}],"replies":[{"embeddable":true,"href":"http:\/\/www.locacaodemaquinas.com.br\/site\/wp-json\/wp\/v2\/comments?post=3618"}],"wp:featuredmedia":[{"embeddable":true,"href":"http:\/\/www.locacaodemaquinas.com.br\/site\/wp-json\/wp\/v2\/media\/3625"}],"wp:attachment":[{"href":"http:\/\/www.locacaodemaquinas.com.br\/site\/wp-json\/wp\/v2\/media?parent=3618"}],"wp:term":[{"taxonomy":"product_cat","embeddable":true,"href":"http:\/\/www.locacaodemaquinas.com.br\/site\/wp-json\/wp\/v2\/product_cat?post=3618"},{"taxonomy":"product_tag","embeddable":true,"href":"http:\/\/www.locacaodemaquinas.com.br\/site\/wp-json\/wp\/v2\/product_tag?post=3618"}],"curies":[{"name":"wp","href":"https:\/\/api.w.org\/{rel}","templated":true}]}}

Rolo de Lã Carneiro sem Suporte 23cm 1223 &#8211; Compel

<p>Especificações do Produto:</p>
<p>&#8211; Lã de Carneiro.</p>
<p>&#8211; Medida: 23 cm.</p>
<p>&#8211; Altura da Lã: 22 mm</p>
<p>&#8211; Manta fixada ao tubo de PP pelo processo de termofusão.</p>
<p>&nbsp;</p>
<p>Indicações:</p>
<p>&#8211; Ideal para Látex, Esmalte e Acrílica a base de água.</p>
<p>&#8211; Excelente para uso em alvenarias e madeiras.</p>
<p>&#8211; Cobertura uniforme. Deslizamento suave.</p>
<p>&#8211; Excelente retenção da tinta.</p>
<p>&#8211; Mobilidade e praticidade na aplicação de tinta.</p>
<p>&nbsp;</p>
<p>Modo de Usar: Prepare a superfície a ser pintada, em seguida carregue o rolo com tinta, sem deixar escorrer faça sempre movimentos em W&#8221; Limpeza e Conservação: &#8211; Após o uso, retirar o excesso do produto utilizado. &#8211; Após a remoção do produto, lave com água corrente e sabão. &#8211; Secar à sombra e guardar em local seco e arejado. *imagens meramente ilustrativas *Todas as informações divulgadas são de responsabilidade do Fabricante/Fornecedor</p>
