{"id":3628,"date":"2023-02-18T09:58:38","date_gmt":"2023-02-18T12:58:38","guid":{"rendered":"http:\/\/www.locacaodemaquinas.com.br\/site\/?post_type=product&#038;p=3628"},"modified":"2023-02-18T10:04:05","modified_gmt":"2023-02-18T13:04:05","slug":"tekspray-super-color-azul-claro-para-uso-geral-350ml-tekbond","status":"publish","type":"product","link":"http:\/\/www.locacaodemaquinas.com.br\/site\/loja\/venda\/pintura-e-linha-pneumatica\/tekspray-super-color-azul-claro-para-uso-geral-350ml-tekbond\/","title":{"rendered":"Tekspray Super Color Azul Claro para Uso Geral 350ml &#8211; Tekbond"},"content":{"rendered":"<h4>INSTRU\u00c7\u00d5ES\u00a0DE\u00a0USO:\u00a0PREPARO DA SUPERF\u00cdCIE:<\/h4>\n<p>&nbsp;<\/p>\n<p>1. Proteja as partes que n\u00e3o ser\u00e3o pintadas com papel, papel\u00e3o ou pl\u00e1stico.<\/p>\n<p>2. Aplique de 2 a 3 dem\u00e3os em camadas bem finas.<\/p>\n<p>3. Entre cada dem\u00e3o de verniz, aguarde um intervalo de 1 a 3 minutos.<\/p>\n<p>4. Para o toque aguarde um intervalo de 30 minutos.<\/p>\n<p>5. Para manuseio da pe\u00e7a aguarde um intervalo de 3 horas.<\/p>\n<p>6. Cura total em 24 horas e para testes mec\u00e2nicos, recomendamos 72 horas.<\/p>\n<p>&nbsp;<\/p>\n<p>Rendimento aproximado: 1,7 m2 a 2,1 m2 por embalagem.<\/p>\n<p>&nbsp;<\/p>\n<p>OBSERVA\u00c7\u00c3O: AGITAR BEM A LATA ANTES DO USO E ENTRE AS DEM\u00c3OS. SE OCORRER O ENTUPIMENTO DA V\u00c1LVULA, RETIRE O BICO E MERGULHE-O EM THINNER OU ACETONA. SE NECESS\u00c1RIO DESOBSTRUA O ORIF\u00cdCIO COM UMA AGULHA.<\/p>\n","protected":false},"excerpt":{"rendered":"<p>INSTRU\u00c7\u00d5ES\u00a0DE\u00a0USO:\u00a0PREPARO DA SUPERF\u00cdCIE: &nbsp; 1. Proteja as partes que n\u00e3o ser\u00e3o pintadas com papel, papel\u00e3o ou pl\u00e1stico. 2. Aplique de 2 a 3 dem\u00e3os em camadas bem finas. 3. Entre cada dem\u00e3o de verniz, aguarde um intervalo de 1 a 3 minutos. 4. Para o toque aguarde um intervalo de 30 minutos. 5. Para manuseio [&hellip;]<\/p>\n","protected":false},"featured_media":3632,"comment_status":"open","ping_status":"closed","template":"","meta":[],"product_cat":[45,526],"product_tag":[41,575,563],"acf":[],"_links":{"self":[{"href":"http:\/\/www.locacaodemaquinas.com.br\/site\/wp-json\/wp\/v2\/product\/3628"}],"collection":[{"href":"http:\/\/www.locacaodemaquinas.com.br\/site\/wp-json\/wp\/v2\/product"}],"about":[{"href":"http:\/\/www.locacaodemaquinas.com.br\/site\/wp-json\/wp\/v2\/types\/product"}],"replies":[{"embeddable":true,"href":"http:\/\/www.locacaodemaquinas.com.br\/site\/wp-json\/wp\/v2\/comments?post=3628"}],"wp:featuredmedia":[{"embeddable":true,"href":"http:\/\/www.locacaodemaquinas.com.br\/site\/wp-json\/wp\/v2\/media\/3632"}],"wp:attachment":[{"href":"http:\/\/www.locacaodemaquinas.com.br\/site\/wp-json\/wp\/v2\/media?parent=3628"}],"wp:term":[{"taxonomy":"product_cat","embeddable":true,"href":"http:\/\/www.locacaodemaquinas.com.br\/site\/wp-json\/wp\/v2\/product_cat?post=3628"},{"taxonomy":"product_tag","embeddable":true,"href":"http:\/\/www.locacaodemaquinas.com.br\/site\/wp-json\/wp\/v2\/product_tag?post=3628"}],"curies":[{"name":"wp","href":"https:\/\/api.w.org\/{rel}","templated":true}]}}