{"id":3647,"date":"2023-02-24T10:49:41","date_gmt":"2023-02-24T13:49:41","guid":{"rendered":"http:\/\/www.locacaodemaquinas.com.br\/site\/?post_type=product&#038;p=3647"},"modified":"2023-02-24T11:01:59","modified_gmt":"2023-02-24T14:01:59","slug":"garra-negativa-500a-para-maquina-de-solda-boxer-soldas","status":"publish","type":"product","link":"http:\/\/www.locacaodemaquinas.com.br\/site\/loja\/venda\/solda\/garra-negativa-500a-para-maquina-de-solda-boxer-soldas\/","title":{"rendered":"Garra Negativa 500A para M\u00e1quina de Solda &#8211; Boxer Soldas"},"content":{"rendered":"<div><strong>Especifica\u00e7\u00f5es T\u00e9cnicas:<\/strong><\/div>\n<div><\/div>\n<div>Material: A\u00e7o estampado com condutor flat de cobre<\/div>\n<div>Tratamento Superficial: Niquelado<\/div>\n<div>Capacidade: 500 A<\/div>\n<div>Fixa\u00e7\u00e3o do Terminal: Parafuso e porcas<\/div>\n<div>Modelo: 410023<\/div>\n<div>Garra Negativa 500A<\/div>\n","protected":false},"excerpt":{"rendered":"<p>Garra negativa desenvolvido em alta qualidade e seguran\u00e7a para trabalhos de soldagem.<\/p>\n","protected":false},"featured_media":3649,"comment_status":"open","ping_status":"closed","template":"","meta":[],"product_cat":[45,529],"product_tag":[787,955],"acf":[],"_links":{"self":[{"href":"http:\/\/www.locacaodemaquinas.com.br\/site\/wp-json\/wp\/v2\/product\/3647"}],"collection":[{"href":"http:\/\/www.locacaodemaquinas.com.br\/site\/wp-json\/wp\/v2\/product"}],"about":[{"href":"http:\/\/www.locacaodemaquinas.com.br\/site\/wp-json\/wp\/v2\/types\/product"}],"replies":[{"embeddable":true,"href":"http:\/\/www.locacaodemaquinas.com.br\/site\/wp-json\/wp\/v2\/comments?post=3647"}],"wp:featuredmedia":[{"embeddable":true,"href":"http:\/\/www.locacaodemaquinas.com.br\/site\/wp-json\/wp\/v2\/media\/3649"}],"wp:attachment":[{"href":"http:\/\/www.locacaodemaquinas.com.br\/site\/wp-json\/wp\/v2\/media?parent=3647"}],"wp:term":[{"taxonomy":"product_cat","embeddable":true,"href":"http:\/\/www.locacaodemaquinas.com.br\/site\/wp-json\/wp\/v2\/product_cat?post=3647"},{"taxonomy":"product_tag","embeddable":true,"href":"http:\/\/www.locacaodemaquinas.com.br\/site\/wp-json\/wp\/v2\/product_tag?post=3647"}],"curies":[{"name":"wp","href":"https:\/\/api.w.org\/{rel}","templated":true}]}}