{"id":3666,"date":"2023-03-02T12:51:24","date_gmt":"2023-03-02T15:51:24","guid":{"rendered":"http:\/\/www.locacaodemaquinas.com.br\/site\/?post_type=product&#038;p=3666"},"modified":"2023-03-02T16:02:59","modified_gmt":"2023-03-02T19:02:59","slug":"serra-circular-manual-7-1-4-dw368-dewalt","status":"publish","type":"product","link":"http:\/\/www.locacaodemaquinas.com.br\/site\/loja\/ferramenta-eletrica-2\/serra\/serra-circular\/serra-circular-manual-7-1-4-dw368-dewalt\/","title":{"rendered":"Serra Circular Manual 7 1\/4&#8243; DW368 &#8211; Dewalt"},"content":{"rendered":"<ul>\n<li>Desenho ergon\u00f4mico<\/li>\n<li>Reduz a fadiga do usu\u00e1rio e aumenta a produtividade<\/li>\n<li>Motor de 1.800 watts &#8211; A mais forte da categoria<\/li>\n<li>Capacidade de corte a 56 graus permite corte em \u00e2ngulos mais agressivos<\/li>\n<li>Visibilidade da linha de corte permite visualiza\u00e7\u00e3o da l\u00e2mina em qualquer \u00e2ngulo<\/li>\n<li>Guarda baixa melhora a performance quando corta em \u00e2ngulos<\/li>\n<li>100% rolamentada<\/li>\n<\/ul>\n","protected":false},"excerpt":{"rendered":"<p>Serra Circular DW-362-B2 \u00e9 utilizada em marcenarias, carpintarias, f\u00e1bricas de m\u00f3veis, tape\u00e7arias,instaladores,departamentos de manuten\u00e7\u00e3o e constru\u00e7\u00e3o civil.<\/p>\n","protected":false},"featured_media":3668,"comment_status":"open","ping_status":"closed","template":"","meta":[],"product_cat":[496,225],"product_tag":[37,38,457],"acf":[],"_links":{"self":[{"href":"http:\/\/www.locacaodemaquinas.com.br\/site\/wp-json\/wp\/v2\/product\/3666"}],"collection":[{"href":"http:\/\/www.locacaodemaquinas.com.br\/site\/wp-json\/wp\/v2\/product"}],"about":[{"href":"http:\/\/www.locacaodemaquinas.com.br\/site\/wp-json\/wp\/v2\/types\/product"}],"replies":[{"embeddable":true,"href":"http:\/\/www.locacaodemaquinas.com.br\/site\/wp-json\/wp\/v2\/comments?post=3666"}],"wp:featuredmedia":[{"embeddable":true,"href":"http:\/\/www.locacaodemaquinas.com.br\/site\/wp-json\/wp\/v2\/media\/3668"}],"wp:attachment":[{"href":"http:\/\/www.locacaodemaquinas.com.br\/site\/wp-json\/wp\/v2\/media?parent=3666"}],"wp:term":[{"taxonomy":"product_cat","embeddable":true,"href":"http:\/\/www.locacaodemaquinas.com.br\/site\/wp-json\/wp\/v2\/product_cat?post=3666"},{"taxonomy":"product_tag","embeddable":true,"href":"http:\/\/www.locacaodemaquinas.com.br\/site\/wp-json\/wp\/v2\/product_tag?post=3666"}],"curies":[{"name":"wp","href":"https:\/\/api.w.org\/{rel}","templated":true}]}}