{"id":3970,"date":"2024-02-07T17:00:59","date_gmt":"2024-02-07T20:00:59","guid":{"rendered":"http:\/\/www.locacaodemaquinas.com.br\/site\/?post_type=product&#038;p=3970"},"modified":"2024-02-07T17:03:20","modified_gmt":"2024-02-07T20:03:20","slug":"aspirador-de-po-a-bateria-sea-20-stihl","status":"publish","type":"product","link":"http:\/\/www.locacaodemaquinas.com.br\/site\/loja\/principais-marcas\/marca-stihl\/aspirador-de-po-a-bateria-sea-20-stihl\/","title":{"rendered":"Aspirador de P\u00f3 \u00e0 Bateria SEA 20 &#8211; STIHL"},"content":{"rendered":"<p>Para uso, basta pressionar o bot\u00e3o de arranque no punho softgrip com a m\u00e3o direita ou esquerda e segurar o STIHL SEA 20 com seguran\u00e7a. A trava do acelerador facilita o funcionamento cont\u00ednuo sem ter de manter a alavanca de controle pressionada. Diretamente por tr\u00e1s do bocal de aspira\u00e7\u00e3o, uma aba flex\u00edvel anti-retorno ret\u00e9m com seguran\u00e7a a sujeira aspirada. Para esvaziar e limpar, basta retir\u00e1-la num \u00fanico passo. O sistema de filtragem de duas fases proporciona um excelente desempenho de filtragem e \u00e9 f\u00e1cil de limpar e reutilizar.<\/p>\n<p>O aspirador de m\u00e3o STIHL SEA 20 vem com uma variedade de acess\u00f3rios pr\u00e1ticos de s\u00e9rie: bocal para fendas, bocal para sujeira grossa, mangueira de aspira\u00e7\u00e3o, tubo de extens\u00e3o, filtro de papel e cesto do filtro.<\/p>\n<p>O display de led indica o n\u00edvel de bateria do seu STIHL SEA 20 e quanto tempo a bateria instalada leva para carregar.<\/p>\n","protected":false},"excerpt":{"rendered":"<p>O novo aspirador de p\u00f3 a bateria SEA 20 foi desenvolvido para uma limpeza r\u00e1pida e f\u00e1cil em pequenas \u00e1reas. Ele \u00e9 ideal para tarefas dom\u00e9sticas, como limpeza da sala, garagem, oficina residencial e interior do autom\u00f3vel. O aspirador port\u00e1til STIHL SEA 20 utiliza uma bateria de \u00edons de l\u00edtio do sistema STIHL AS-System, o que proporciona uma limpeza vers\u00e1til e sem ru\u00eddo . O aspirador de m\u00e3o de alta pot\u00eancia de 10V da STIHL \u00e9 leve e ergon\u00f4mico de usar.<\/p>\n","protected":false},"featured_media":3971,"comment_status":"open","ping_status":"closed","template":"","meta":[],"product_cat":[343,519,522],"product_tag":[314,300,364],"acf":[],"_links":{"self":[{"href":"http:\/\/www.locacaodemaquinas.com.br\/site\/wp-json\/wp\/v2\/product\/3970"}],"collection":[{"href":"http:\/\/www.locacaodemaquinas.com.br\/site\/wp-json\/wp\/v2\/product"}],"about":[{"href":"http:\/\/www.locacaodemaquinas.com.br\/site\/wp-json\/wp\/v2\/types\/product"}],"replies":[{"embeddable":true,"href":"http:\/\/www.locacaodemaquinas.com.br\/site\/wp-json\/wp\/v2\/comments?post=3970"}],"wp:featuredmedia":[{"embeddable":true,"href":"http:\/\/www.locacaodemaquinas.com.br\/site\/wp-json\/wp\/v2\/media\/3971"}],"wp:attachment":[{"href":"http:\/\/www.locacaodemaquinas.com.br\/site\/wp-json\/wp\/v2\/media?parent=3970"}],"wp:term":[{"taxonomy":"product_cat","embeddable":true,"href":"http:\/\/www.locacaodemaquinas.com.br\/site\/wp-json\/wp\/v2\/product_cat?post=3970"},{"taxonomy":"product_tag","embeddable":true,"href":"http:\/\/www.locacaodemaquinas.com.br\/site\/wp-json\/wp\/v2\/product_tag?post=3970"}],"curies":[{"name":"wp","href":"https:\/\/api.w.org\/{rel}","templated":true}]}}