{"id":3982,"date":"2024-02-16T17:30:58","date_gmt":"2024-02-16T20:30:58","guid":{"rendered":"http:\/\/www.locacaodemaquinas.com.br\/site\/?post_type=product&#038;p=3982"},"modified":"2025-10-06T16:17:43","modified_gmt":"2025-10-06T19:17:43","slug":"rocadeira-lateral-a-gasolina-fs-380-stihl","status":"publish","type":"product","link":"http:\/\/www.locacaodemaquinas.com.br\/site\/loja\/principais-marcas\/marca-stihl\/rocadeira-lateral-a-gasolina-fs-380-stihl\/","title":{"rendered":"Ro\u00e7adeira Lateral \u00e0 Gasolina FS 380 &#8211; STIHL"},"content":{"rendered":"<h1>Atributos<\/h1>\n<ul>\n<li>Sistema antivibra\u00e7\u00e3o STIHL<\/li>\n<li>Compensador<\/li>\n<li>Tampa do filtro de ar<\/li>\n<li>Cabo multifuncional e ergon\u00f4mico<\/li>\n<li>Tanque transl\u00facido<\/li>\n<li>Cabo para duas m\u00e3os<\/li>\n<\/ul>\n","protected":false},"excerpt":{"rendered":"<div class=\"tabs\">\n<div class=\"wrapper_content\">\n<div class=\"tabbody tabbody_large container_tab_1\">\n<div class=\"product-detail-intro\">\n<div class=\"text-wrapper\">\n<div class=\"tabs\">\n<div class=\"wrapper_content\">\n<div class=\"tabbody tabbody_large container_tab_1\">\n<div class=\"product-slider-wrapper\">\n<div class=\"product-carousel slick-initialized slick-slider slick-dotted\">\n<div class=\"slick-list draggable\">\n<div class=\"slick-track\">\n<div id=\"slick-slide00\" class=\"product-carousel-item slick-slide slick-current slick-active\" tabindex=\"0\" role=\"tabpanel\" data-slick-index=\"0\" aria-hidden=\"false\" aria-describedby=\"slick-slide-control00\">Pot\u00eancia, robustez e extremo conforto proporcionado pelo sistema antivibrat\u00f3rio. A<strong>\u00a0ro\u00e7adeira STIHL FS 380\u00a0<\/strong>\u00e9 recomendada para os profissionais que necessitam trabalhar de maneira cont\u00ednua em todos os tipos de vegeta\u00e7\u00f5es e na desbrote de plantas jovens.<\/div>\n<\/div>\n<\/div>\n<\/div>\n<\/div>\n<\/div>\n<\/div>\n<\/div>\n<\/div>\n<\/div>\n<\/div>\n<\/div>\n<\/div>\n","protected":false},"featured_media":3983,"comment_status":"open","ping_status":"closed","template":"","meta":[],"product_cat":[343,518,522],"product_tag":[968,266,365,364],"acf":[],"_links":{"self":[{"href":"http:\/\/www.locacaodemaquinas.com.br\/site\/wp-json\/wp\/v2\/product\/3982"}],"collection":[{"href":"http:\/\/www.locacaodemaquinas.com.br\/site\/wp-json\/wp\/v2\/product"}],"about":[{"href":"http:\/\/www.locacaodemaquinas.com.br\/site\/wp-json\/wp\/v2\/types\/product"}],"replies":[{"embeddable":true,"href":"http:\/\/www.locacaodemaquinas.com.br\/site\/wp-json\/wp\/v2\/comments?post=3982"}],"wp:featuredmedia":[{"embeddable":true,"href":"http:\/\/www.locacaodemaquinas.com.br\/site\/wp-json\/wp\/v2\/media\/3983"}],"wp:attachment":[{"href":"http:\/\/www.locacaodemaquinas.com.br\/site\/wp-json\/wp\/v2\/media?parent=3982"}],"wp:term":[{"taxonomy":"product_cat","embeddable":true,"href":"http:\/\/www.locacaodemaquinas.com.br\/site\/wp-json\/wp\/v2\/product_cat?post=3982"},{"taxonomy":"product_tag","embeddable":true,"href":"http:\/\/www.locacaodemaquinas.com.br\/site\/wp-json\/wp\/v2\/product_tag?post=3982"}],"curies":[{"name":"wp","href":"https:\/\/api.w.org\/{rel}","templated":true}]}}

Roçadeira Lateral à Gasolina FS 380 &#8211; STIHL

<h1>Atributos</h1>
<ul>
<li>Sistema antivibração STIHL</li>
<li>Compensador</li>
<li>Tampa do filtro de ar</li>
<li>Cabo multifuncional e ergonômico</li>
<li>Tanque translúcido</li>
<li>Cabo para duas mãos</li>
</ul>

<div class="tabs">
<div class="wrapper_content">
<div class="tabbody tabbody_large container_tab_1">
<div class="product-detail-intro">
<div class="text-wrapper">
<div class="tabs">
<div class="wrapper_content">
<div class="tabbody tabbody_large container_tab_1">
<div class="product-slider-wrapper">
<div class="product-carousel slick-initialized slick-slider slick-dotted">
<div class="slick-list draggable">
<div class="slick-track">
<div id="slick-slide00" class="product-carousel-item slick-slide slick-current slick-active" tabindex="0" role="tabpanel" data-slick-index="0" aria-hidden="false" aria-describedby="slick-slide-control00">Potência, robustez e extremo conforto proporcionado pelo sistema antivibratório. A<strong> roçadeira STIHL FS 380 </strong>é recomendada para os profissionais que necessitam trabalhar de maneira contínua em todos os tipos de vegetações e na desbrote de plantas jovens.</div>
</div>
</div>
</div>
</div>
</div>
</div>
</div>
</div>
</div>
</div>
</div>
</div>
