{"id":3988,"date":"2024-02-17T11:37:27","date_gmt":"2024-02-17T14:37:27","guid":{"rendered":"http:\/\/www.locacaodemaquinas.com.br\/site\/?post_type=product&#038;p=3988"},"modified":"2025-04-23T10:30:00","modified_gmt":"2025-04-23T13:30:00","slug":"rocadeira-lateral-a-gasolina-fs-38","status":"publish","type":"product","link":"http:\/\/www.locacaodemaquinas.com.br\/site\/loja\/principais-marcas\/marca-stihl\/rocadeira-lateral-a-gasolina-fs-38\/","title":{"rendered":"Ro\u00e7adeira Lateral \u00e0 Gasolina FS 38 &#8211; STIHL"},"content":{"rendered":"<h1>Atributos<\/h1>\n<ul>\n<li>Pega Multifun\u00e7\u00f5es para uma m\u00e3o s\u00f3<\/li>\n<li>Bomba de combust\u00edvel manual<\/li>\n<\/ul>\n","protected":false},"excerpt":{"rendered":"<p>A<strong>\u00a0ro\u00e7adeira STIHL FS 38\u00a0<\/strong>\u00e9 de f\u00e1cil manejo e baixo peso, garantindo uma opera\u00e7\u00e3o r\u00e1pida e segura. Esta ro\u00e7adeira foi projetada especialmente para trabalhos como limpeza em \u00e1reas de dif\u00edcil acesso, como ao redor de muros, valas, escadas e ainda para pequenas \u00e1reas verdes residenciais.<\/p>\n","protected":false},"featured_media":3989,"comment_status":"open","ping_status":"closed","template":"","meta":[],"product_cat":[343,518,522],"product_tag":[968,266,365,364],"acf":[],"_links":{"self":[{"href":"http:\/\/www.locacaodemaquinas.com.br\/site\/wp-json\/wp\/v2\/product\/3988"}],"collection":[{"href":"http:\/\/www.locacaodemaquinas.com.br\/site\/wp-json\/wp\/v2\/product"}],"about":[{"href":"http:\/\/www.locacaodemaquinas.com.br\/site\/wp-json\/wp\/v2\/types\/product"}],"replies":[{"embeddable":true,"href":"http:\/\/www.locacaodemaquinas.com.br\/site\/wp-json\/wp\/v2\/comments?post=3988"}],"wp:featuredmedia":[{"embeddable":true,"href":"http:\/\/www.locacaodemaquinas.com.br\/site\/wp-json\/wp\/v2\/media\/3989"}],"wp:attachment":[{"href":"http:\/\/www.locacaodemaquinas.com.br\/site\/wp-json\/wp\/v2\/media?parent=3988"}],"wp:term":[{"taxonomy":"product_cat","embeddable":true,"href":"http:\/\/www.locacaodemaquinas.com.br\/site\/wp-json\/wp\/v2\/product_cat?post=3988"},{"taxonomy":"product_tag","embeddable":true,"href":"http:\/\/www.locacaodemaquinas.com.br\/site\/wp-json\/wp\/v2\/product_tag?post=3988"}],"curies":[{"name":"wp","href":"https:\/\/api.w.org\/{rel}","templated":true}]}}